{"id":365,"date":"2021-05-17T18:11:59","date_gmt":"2021-05-17T18:11:59","guid":{"rendered":"http:\/\/www.congresonacionalcolor.com\/2022\/?post_type=product&#038;p=365"},"modified":"2022-03-04T08:10:39","modified_gmt":"2022-03-04T08:10:39","slug":"inscripcion-congreso","status":"publish","type":"product","link":"https:\/\/www.congresonacionalcolor.com\/2022\/producto\/inscripcion-congreso\/","title":{"rendered":"Inscripci\u00f3n Congreso"},"content":{"rendered":"","protected":false},"excerpt":{"rendered":"<p>La inscripci\u00f3n\u00a0<strong>incluye el acceso a la plataforma virtual para asistir a todas las conferencias plenarias, simposios y otras actividades anunciadas en el programa<\/strong>.\u00a0<u>Cada contribuci\u00f3n aceptada deber\u00e1 llevar asociada al menos una inscripci\u00f3n en el congreso<\/u>.<\/p>\n<p>Si tienes alguna\u00a0<strong>duda sobre el programa<\/strong>, el proceso de inscripci\u00f3n o cualquier otro aspecto relacionada con el congreso, no dudes en ponerte en contacto con nosotros a trav\u00e9s del\u00a0<a href=\"mailto:congreso.color@event.upc.edu\" target=\"_blank\" rel=\"noopener\">email de contacto<\/a>.<\/p>\n","protected":false},"featured_media":36,"template":"","meta":[],"product_cat":[19],"product_tag":[],"class_list":["post-365","product","type-product","status-publish","has-post-thumbnail","hentry","product_cat-sin-categorizar"],"_links":{"self":[{"href":"https:\/\/www.congresonacionalcolor.com\/2022\/wp-json\/wp\/v2\/product\/365","targetHints":{"allow":["GET"]}}],"collection":[{"href":"https:\/\/www.congresonacionalcolor.com\/2022\/wp-json\/wp\/v2\/product"}],"about":[{"href":"https:\/\/www.congresonacionalcolor.com\/2022\/wp-json\/wp\/v2\/types\/product"}],"wp:featuredmedia":[{"embeddable":true,"href":"https:\/\/www.congresonacionalcolor.com\/2022\/wp-json\/wp\/v2\/media\/36"}],"wp:attachment":[{"href":"https:\/\/www.congresonacionalcolor.com\/2022\/wp-json\/wp\/v2\/media?parent=365"}],"wp:term":[{"taxonomy":"product_cat","embeddable":true,"href":"https:\/\/www.congresonacionalcolor.com\/2022\/wp-json\/wp\/v2\/product_cat?post=365"},{"taxonomy":"product_tag","embeddable":true,"href":"https:\/\/www.congresonacionalcolor.com\/2022\/wp-json\/wp\/v2\/product_tag?post=365"}],"curies":[{"name":"wp","href":"https:\/\/api.w.org\/{rel}","templated":true}]}}

Inscripción Congreso

<p>La inscripción <strong>incluye el acceso a la plataforma virtual para asistir a todas las conferencias plenarias, simposios y otras actividades anunciadas en el programa</strong>. <u>Cada contribución aceptada deberá llevar asociada al menos una inscripción en el congreso</u>.</p>
<p>Si tienes alguna <strong>duda sobre el programa</strong>, el proceso de inscripción o cualquier otro aspecto relacionada con el congreso, no dudes en ponerte en contacto con nosotros a través del <a href="mailto:congreso.color@event.upc.edu" target="_blank" rel="noopener">email de contacto</a>.</p>
