{"id":264,"date":"2021-05-11T10:54:17","date_gmt":"2021-05-11T10:54:17","guid":{"rendered":"http:\/\/www.congresonacionalcolor.com\/2022\/?page_id=264"},"modified":"2021-05-27T08:24:50","modified_gmt":"2021-05-27T08:24:50","slug":"sobre-los-organizadores-cd6","status":"publish","type":"page","link":"https:\/\/www.congresonacionalcolor.com\/2022\/sobre-los-organizadores-cd6\/","title":{"rendered":"Sobre los organizadores: CD6"},"content":{"rendered":"<p>[vc_row row_type=\u00bbrow\u00bb use_row_as_full_screen_section=\u00bbno\u00bb type=\u00bbfull_width\u00bb text_align=\u00bbleft\u00bb background_animation=\u00bbnone\u00bb css_animation=\u00bb\u00bb][vc_column parallax=\u00bbcontent-moving\u00bb parallax_image=\u00bb71&#8243; css=\u00bb.vc_custom_1622103836875{padding-top: 60px !important;padding-bottom: 60px !important;}\u00bb][vc_row_inner row_type=\u00bbrow\u00bb type=\u00bbgrid\u00bb use_row_as_full_screen_section_slide=\u00bbno\u00bb text_align=\u00bbleft\u00bb css_animation=\u00bb\u00bb][vc_column_inner][vc_column_text]<\/p>\n<h2 style=\"text-align: center;\"><span style=\"color: #ffffff;\">Sobre los organizadores<\/span><\/h2>\n<p>[\/vc_column_text][vc_empty_space height=\u00bb5px\u00bb][vc_column_text el_class=\u00bbsubtitulo\u00bb]<\/p>\n<h4 class=\"subtitulo\">El CD6<\/h4>\n<p>[\/vc_column_text][\/vc_column_inner][\/vc_row_inner][\/vc_column][\/vc_row][vc_row row_type=\u00bbrow\u00bb use_row_as_full_screen_section=\u00bbno\u00bb type=\u00bbgrid\u00bb text_align=\u00bbleft\u00bb background_animation=\u00bbnone\u00bb css_animation=\u00bb\u00bb css=\u00bb.vc_custom_1620648655428{margin-top: 60px !important;}\u00bb][vc_column width=\u00bb1\/4&#8243;][vc_single_image image=\u00bb268&#8243; img_size=\u00bbfull\u00bb alignment=\u00bbcenter\u00bb style=\u00bbvc_box_circle_2&#8243; qode_css_animation=\u00bb\u00bb][vc_empty_space height=\u00bb20&#8243;][\/vc_column][vc_column width=\u00bb3\/4&#8243; css=\u00bb.vc_custom_1620648601701{padding-right: 60px !important;padding-left: 30px !important;}\u00bb][vc_empty_space height=\u00bb20&#8243;][vc_column_text]<\/p>\n<h4>Una actividad orientada a la creaci\u00f3n de valor a trav\u00e9s de la innovaci\u00f3n.<\/h4>\n<p>[\/vc_column_text][vc_column_text]Los organizadores del congreso son investigadores del <a href=\"https:\/\/www.cd6.upc.edu\/\" target=\"_blank\" rel=\"noopener\">Centro de Desarrollo de Sensores<\/a>, <a href=\"https:\/\/www.cd6.upc.edu\/\" target=\"_blank\" rel=\"noopener\">Instrumentaci\u00f3n y Sistemas (CD6)<\/a>, centro de innovaci\u00f3n tecnol\u00f3gica ubicado en el Campus de la UPC en Terrassa que desarrolla su actividad en el campo de la Ingenier\u00eda \u00d3ptica y Fot\u00f3nica.<\/p>\n<p>La actividad del CD6 est\u00e1 orientada a la <strong>creaci\u00f3n de valor a trav\u00e9s de la innovaci\u00f3n<\/strong>. La investigaci\u00f3n aplicada desarrollada por el CD6 est\u00e1 definida con la intenci\u00f3n de que el nuevo conocimiento que se genera, llegue al mercado en forma de nuevos productos o nuevos procesos.[\/vc_column_text][\/vc_column][\/vc_row][vc_row row_type=\u00bbrow\u00bb use_row_as_full_screen_section=\u00bbno\u00bb type=\u00bbgrid\u00bb text_align=\u00bbleft\u00bb background_animation=\u00bbnone\u00bb css_animation=\u00bb\u00bb css=\u00bb.vc_custom_1622103889187{margin-top: 10px !important;margin-bottom: 100px !important;}\u00bb][vc_column width=\u00bb1\/2&#8243; css=\u00bb.vc_custom_1620730835172{padding-right: 20px !important;padding-left: 20px !important;}\u00bb][vc_column_text]El centro lo forman casi <strong>40 personas con especializaciones complementarias<\/strong> (\u00d3ptica, Electr\u00f3nica, Mec\u00e1nica y Software) que dan el car\u00e1cter pluridisciplinar necesario para desarrollar aplicaciones cercanas al mercado. Tanto es as\u00ed, que los resultados de investigaci\u00f3n obtenidos, han dado lugar a la creaci\u00f3n de varias empresas de base tecnol\u00f3gica que comercializan nuevos productos en diversos sectores de actividad.<\/p>\n<p>Muchos de los investigadores del CD6 tambi\u00e9n <strong>imparten clases<\/strong> en la <a href=\"https:\/\/foot.upc.edu\/es\/\" target=\"_blank\" rel=\"noopener\">Facultad de \u00d3ptica y Optometr\u00eda de Terrassa<\/a> (UPC).[\/vc_column_text][\/vc_column][vc_column width=\u00bb1\/2&#8243; css=\u00bb.vc_custom_1620730842659{padding-right: 20px !important;padding-left: 20px !important;}\u00bb][vc_column_text]Adem\u00e1s del Grado en \u00d3ptica y Optometr\u00eda y del M\u00e1ster en Optometr\u00eda y Ciencias de la Visi\u00f3n, el Departamento de \u00d3ptica y Optometr\u00eda tambi\u00e9n coordina el programa de Doctorado en Ingenier\u00eda \u00d3ptica.<\/p>\n<p>El CD6 tambi\u00e9n incluye un grupo de<strong> investigaci\u00f3n en color e im\u00e1genes hiperespectrales<\/strong> liderado por los profesores <strong>Meritxell Vilaseca<\/strong> y <strong>Jaume Pujol<\/strong>, que est\u00e1 asociado con el Comit\u00e9 de Color. Las actividades de este grupo se centran b\u00e1sicamente en los campos de la imagen en color, la imagen multiespectral y la colorimetr\u00eda industrial.[\/vc_column_text][\/vc_column][\/vc_row]<\/p>\n","protected":false},"excerpt":{"rendered":"<p>[vc_row row_type=\u00bbrow\u00bb use_row_as_full_screen_section=\u00bbno\u00bb type=\u00bbfull_width\u00bb text_align=\u00bbleft\u00bb background_animation=\u00bbnone\u00bb css_animation=\u00bb\u00bb][vc_column parallax=\u00bbcontent-moving\u00bb parallax_image=\u00bb71&#8243; css=\u00bb.vc_custom_1622103836875{padding-top: 60px !important;padding-bottom: 60px !important;}\u00bb][vc_row_inner row_type=\u00bbrow\u00bb type=\u00bbgrid\u00bb use_row_as_full_screen_section_slide=\u00bbno\u00bb text_align=\u00bbleft\u00bb css_animation=\u00bb\u00bb][vc_column_inner][vc_column_text] Sobre los organizadores [\/vc_column_text][vc_empty_space height=\u00bb5px\u00bb][vc_column_text el_class=\u00bbsubtitulo\u00bb] El CD6 [\/vc_column_text][\/vc_column_inner][\/vc_row_inner][\/vc_column][\/vc_row][vc_row row_type=\u00bbrow\u00bb use_row_as_full_screen_section=\u00bbno\u00bb type=\u00bbgrid\u00bb text_align=\u00bbleft\u00bb background_animation=\u00bbnone\u00bb css_animation=\u00bb\u00bb css=\u00bb.vc_custom_1620648655428{margin-top: 60px !important;}\u00bb][vc_column width=\u00bb1\/4&#8243;][vc_single_image image=\u00bb268&#8243; img_size=\u00bbfull\u00bb alignment=\u00bbcenter\u00bb style=\u00bbvc_box_circle_2&#8243; qode_css_animation=\u00bb\u00bb][vc_empty_space height=\u00bb20&#8243;][\/vc_column][vc_column width=\u00bb3\/4&#8243;&#8230;<\/p>\n","protected":false},"author":1,"featured_media":0,"parent":0,"menu_order":0,"comment_status":"closed","ping_status":"closed","template":"full_width.php","meta":{"footnotes":""},"class_list":["post-264","page","type-page","status-publish","hentry"],"_links":{"self":[{"href":"https:\/\/www.congresonacionalcolor.com\/2022\/wp-json\/wp\/v2\/pages\/264","targetHints":{"allow":["GET"]}}],"collection":[{"href":"https:\/\/www.congresonacionalcolor.com\/2022\/wp-json\/wp\/v2\/pages"}],"about":[{"href":"https:\/\/www.congresonacionalcolor.com\/2022\/wp-json\/wp\/v2\/types\/page"}],"author":[{"embeddable":true,"href":"https:\/\/www.congresonacionalcolor.com\/2022\/wp-json\/wp\/v2\/users\/1"}],"replies":[{"embeddable":true,"href":"https:\/\/www.congresonacionalcolor.com\/2022\/wp-json\/wp\/v2\/comments?post=264"}],"version-history":[{"count":8,"href":"https:\/\/www.congresonacionalcolor.com\/2022\/wp-json\/wp\/v2\/pages\/264\/revisions"}],"predecessor-version":[{"id":490,"href":"https:\/\/www.congresonacionalcolor.com\/2022\/wp-json\/wp\/v2\/pages\/264\/revisions\/490"}],"wp:attachment":[{"href":"https:\/\/www.congresonacionalcolor.com\/2022\/wp-json\/wp\/v2\/media?parent=264"}],"curies":[{"name":"wp","href":"https:\/\/api.w.org\/{rel}","templated":true}]}}

<p>[vc_row row_type=»row» use_row_as_full_screen_section=»no» type=»full_width» text_align=»left» background_animation=»none» css_animation=»»][vc_column parallax=»content-moving» parallax_image=»71&#8243; css=».vc_custom_1622103836875{padding-top: 60px !important;padding-bottom: 60px !important;}»][vc_row_inner row_type=»row» type=»grid» use_row_as_full_screen_section_slide=»no» text_align=»left» css_animation=»»][vc_column_inner][vc_column_text]</p>
<h2 style="text-align: center;"><span style="color: #ffffff;">Sobre los organizadores</span></h2>
<p>[/vc_column_text][vc_empty_space height=»5px»][vc_column_text el_class=»subtitulo»]</p>
<h4 class="subtitulo">El CD6</h4>
<p>[/vc_column_text][/vc_column_inner][/vc_row_inner][/vc_column][/vc_row][vc_row row_type=»row» use_row_as_full_screen_section=»no» type=»grid» text_align=»left» background_animation=»none» css_animation=»» css=».vc_custom_1620648655428{margin-top: 60px !important;}»][vc_column width=»1/4&#8243;][vc_single_image image=»268&#8243; img_size=»full» alignment=»center» style=»vc_box_circle_2&#8243; qode_css_animation=»»][vc_empty_space height=»20&#8243;][/vc_column][vc_column width=»3/4&#8243; css=».vc_custom_1620648601701{padding-right: 60px !important;padding-left: 30px !important;}»][vc_empty_space height=»20&#8243;][vc_column_text]</p>
<h4>Una actividad orientada a la creación de valor a través de la innovación.</h4>
<p>[/vc_column_text][vc_column_text]Los organizadores del congreso son investigadores del <a href="https://www.cd6.upc.edu/" target="_blank" rel="noopener">Centro de Desarrollo de Sensores</a>, <a href="https://www.cd6.upc.edu/" target="_blank" rel="noopener">Instrumentación y Sistemas (CD6)</a>, centro de innovación tecnológica ubicado en el Campus de la UPC en Terrassa que desarrolla su actividad en el campo de la Ingeniería Óptica y Fotónica.</p>
<p>La actividad del CD6 está orientada a la <strong>creación de valor a través de la innovación</strong>. La investigación aplicada desarrollada por el CD6 está definida con la intención de que el nuevo conocimiento que se genera, llegue al mercado en forma de nuevos productos o nuevos procesos.[/vc_column_text][/vc_column][/vc_row][vc_row row_type=»row» use_row_as_full_screen_section=»no» type=»grid» text_align=»left» background_animation=»none» css_animation=»» css=».vc_custom_1622103889187{margin-top: 10px !important;margin-bottom: 100px !important;}»][vc_column width=»1/2&#8243; css=».vc_custom_1620730835172{padding-right: 20px !important;padding-left: 20px !important;}»][vc_column_text]El centro lo forman casi <strong>40 personas con especializaciones complementarias</strong> (Óptica, Electrónica, Mecánica y Software) que dan el carácter pluridisciplinar necesario para desarrollar aplicaciones cercanas al mercado. Tanto es así, que los resultados de investigación obtenidos, han dado lugar a la creación de varias empresas de base tecnológica que comercializan nuevos productos en diversos sectores de actividad.</p>
<p>Muchos de los investigadores del CD6 también <strong>imparten clases</strong> en la <a href="https://foot.upc.edu/es/" target="_blank" rel="noopener">Facultad de Óptica y Optometría de Terrassa</a> (UPC).[/vc_column_text][/vc_column][vc_column width=»1/2&#8243; css=».vc_custom_1620730842659{padding-right: 20px !important;padding-left: 20px !important;}»][vc_column_text]Además del Grado en Óptica y Optometría y del Máster en Optometría y Ciencias de la Visión, el Departamento de Óptica y Optometría también coordina el programa de Doctorado en Ingeniería Óptica.</p>
<p>El CD6 también incluye un grupo de<strong> investigación en color e imágenes hiperespectrales</strong> liderado por los profesores <strong>Meritxell Vilaseca</strong> y <strong>Jaume Pujol</strong>, que está asociado con el Comité de Color. Las actividades de este grupo se centran básicamente en los campos de la imagen en color, la imagen multiespectral y la colorimetría industrial.[/vc_column_text][/vc_column][/vc_row]</p>
