{"id":251,"date":"2021-05-11T10:28:33","date_gmt":"2021-05-11T10:28:33","guid":{"rendered":"http:\/\/www.congresonacionalcolor.com\/2022\/?page_id=251"},"modified":"2021-10-05T18:37:03","modified_gmt":"2021-10-05T18:37:03","slug":"terrassa","status":"publish","type":"page","link":"https:\/\/www.congresonacionalcolor.com\/2022\/terrassa\/","title":{"rendered":"Terrassa"},"content":{"rendered":"<p>[vc_row row_type=\u00bbrow\u00bb use_row_as_full_screen_section=\u00bbno\u00bb type=\u00bbfull_width\u00bb text_align=\u00bbleft\u00bb background_animation=\u00bbnone\u00bb css_animation=\u00bb\u00bb][vc_column parallax=\u00bbcontent-moving\u00bb parallax_image=\u00bb186&#8243; css=\u00bb.vc_custom_1620729815255{padding-top: 60px !important;padding-bottom: 60px !important;}\u00bb][vc_row_inner row_type=\u00bbrow\u00bb type=\u00bbgrid\u00bb use_row_as_full_screen_section_slide=\u00bbno\u00bb text_align=\u00bbleft\u00bb css_animation=\u00bb\u00bb][vc_column_inner][vc_column_text]<\/p>\n<h2 style=\"text-align: center;\"><span style=\"color: #ffffff;\">Terrassa<\/span><\/h2>\n<p>[\/vc_column_text][vc_empty_space height=\u00bb5px\u00bb][vc_column_text el_class=\u00bbsubtitulo\u00bb]<\/p>\n<h4 class=\"subtitulo\">Una ciudad protagonista <span style=\"font-weight: 400;\">de la Revoluci\u00f3n Industrial del siglo XIX<\/span><\/h4>\n<p>[\/vc_column_text][\/vc_column_inner][\/vc_row_inner][\/vc_column][\/vc_row][vc_row row_type=\u00bbrow\u00bb use_row_as_full_screen_section=\u00bbno\u00bb type=\u00bbgrid\u00bb text_align=\u00bbleft\u00bb background_animation=\u00bbnone\u00bb css_animation=\u00bb\u00bb css=\u00bb.vc_custom_1620648655428{margin-top: 60px !important;}\u00bb][vc_column width=\u00bb1\/4&#8243;][vc_empty_space height=\u00bb5&#8243;][vc_column_text]<\/p>\n<h4>Terrassa es m\u00e1s que una ciudad industrial. Con m\u00e1s de 216.000 habitantes, Terrassa posee un rico patrimonio cultural y art\u00edstico.<\/h4>\n<p>[\/vc_column_text][vc_empty_space height=\u00bb20&#8243;][\/vc_column][vc_column width=\u00bb3\/4&#8243; css=\u00bb.vc_custom_1620648601701{padding-right: 60px !important;padding-left: 30px !important;}\u00bb][vc_column_text]Enclavada a los pies del Parque Natural de Sant Lloren\u00e7 del Munt, y rodeada de bosques y monta\u00f1as, Terrassa es una de las localidades catalanas que protagonizaron la Revoluci\u00f3n Industrial del siglo XIX.<\/p>\n<p><strong>La Seu d\u2019\u00c8gara<\/strong>, situada al lado del parque de Vallparad\u00eds donde se han hecho importantes hallazgos paleontol\u00f3gicos, la <strong>Torre del Palau<\/strong> y el <strong>Castell-Cartoixa<\/strong> configuran su patrimonio medieval. Un salto en el tiempo nos lleva a la \u00e9poca del Modernismo y a la industrializaci\u00f3n: <strong>Vapor Aymerich, Amat i Jover<\/strong> (actual <strong>mNACTEC<\/strong>), <strong>Masia Freixa<\/strong>, <strong>Casa Alegre de Sagrera<\/strong>\u2026 <strong>El Festival de Jazz<\/strong>, <strong>la Fira Modernista<\/strong>, los productos tradicionales y ecol\u00f3gicos de Terrassa Gastron\u00f2mica, el hockey, las temporadas de danza, m\u00fasica y teatro, las exhibiciones castelleras o el golf completan una amplia oferta para disfrutar de una ciudad din\u00e1mica y de servicios.[\/vc_column_text][\/vc_column][\/vc_row][vc_row row_type=\u00bbrow\u00bb use_row_as_full_screen_section=\u00bbno\u00bb type=\u00bbfull_width\u00bb text_align=\u00bbleft\u00bb background_animation=\u00bbnone\u00bb css_animation=\u00bb\u00bb css=\u00bb.vc_custom_1620648848408{margin-top: 50px !important;margin-right: 30px !important;margin-bottom: 30px !important;margin-left: 30px !important;}\u00bb][vc_column width=\u00bb1\/2&#8243;][vc_single_image image=\u00bb634&#8243; img_size=\u00bb800&#215;450&#8243; alignment=\u00bbcenter\u00bb qode_css_animation=\u00bb\u00bb][vc_empty_space height=\u00bb20&#8243;][\/vc_column][vc_column width=\u00bb1\/2&#8243;][vc_single_image image=\u00bb625&#8243; img_size=\u00bb800&#215;450&#8243; alignment=\u00bbcenter\u00bb qode_css_animation=\u00bb\u00bb][\/vc_column][\/vc_row][vc_row row_type=\u00bbrow\u00bb use_row_as_full_screen_section=\u00bbno\u00bb type=\u00bbgrid\u00bb text_align=\u00bbleft\u00bb background_animation=\u00bbnone\u00bb css_animation=\u00bb\u00bb css=\u00bb.vc_custom_1620651495273{margin-top: 0px !important;margin-bottom: 60px !important;}\u00bb][vc_column css=\u00bb.vc_custom_1620648906792{padding-right: 20px !important;padding-left: 20px !important;}\u00bb][vc_column_text]<\/p>\n<h4>Terrassa, ciudad universitaria<\/h4>\n<p>[\/vc_column_text][vc_row_inner row_type=\u00bbrow\u00bb type=\u00bbfull_width\u00bb use_row_as_full_screen_section_slide=\u00bbno\u00bb text_align=\u00bbleft\u00bb css_animation=\u00bb\u00bb][vc_column_inner width=\u00bb1\/2&#8243;][vc_column_text]M\u00e1s de 100 a\u00f1os de tradici\u00f3n universitaria convierten la ciudad de Terrassa en un gran campus urbano. Es la segunda ciudad universitaria m\u00e1s importante de Catalu\u00f1a, despu\u00e9s de Barcelona, y el espacio donde se ubican cuatro universidades, seis escuelas universitarias, una facultad y un hospital universitario.<\/p>\n<p>Terrassa acoge el segundo campus m\u00e1s importante de la <a href=\"http:\/\/www.upc.edu\/\" target=\"_blank\" rel=\"noopener\">Universitat Polit\u00e8cnica de Catalunya<\/a>, instituci\u00f3n p\u00fablica de investigaci\u00f3n y educaci\u00f3n superior en los \u00e1mbitos de la ingenier\u00eda, la arquitectura, las ciencias y la tecnolog\u00eda, y una de las universidades polit\u00e9cnicas l\u00edderes de Europa.[\/vc_column_text][\/vc_column_inner][vc_column_inner width=\u00bb1\/2&#8243;][vc_column_text]Titula cada a\u00f1o m\u00e1s de 6.000 estudiantes de <a href=\"https:\/\/www.upc.edu\/es\/grados\" target=\"_blank\" rel=\"noopener\">grado<\/a> y <a href=\"https:\/\/www.upc.edu\/es\/masteres\" target=\"_blank\" rel=\"noopener\">m\u00e1ster<\/a>, y m\u00e1s de 500 <a href=\"https:\/\/doctorat.upc.edu\/es\" target=\"_blank\" rel=\"noopener\">doctoras y doctores<\/a>. Es una de las universidades con m\u00e1s alto \u00edndice de inserci\u00f3n laboral de sus titulados: un 93% trabaja y un 76% encuentra trabajo en menos de 3 meses.<\/p>\n<p>La UPC est\u00e1 bien posicionada en los principales <a href=\"http:\/\/www.upc.edu\/ranquings\/es\" target=\"_blank\" rel=\"noopener\">rankings internacionales<\/a>. Destacan la <a href=\"https:\/\/foot.upc.edu\/es\" target=\"_blank\" rel=\"noopener\">Facultat d\u2019\u00d2ptica i Optometria de Terrassa<\/a> y la <a href=\"https:\/\/eseiaat.upc.edu\/es\" target=\"_blank\" rel=\"noopener\">Escola Superior d\u2019Enginyeries Industrial, Aeroespacial y Audiovisual<\/a>.[\/vc_column_text][\/vc_column_inner][\/vc_row_inner][\/vc_column][\/vc_row][vc_row row_type=\u00bbrow\u00bb use_row_as_full_screen_section=\u00bbno\u00bb type=\u00bbgrid\u00bb text_align=\u00bbleft\u00bb background_animation=\u00bbnone\u00bb css_animation=\u00bb\u00bb css=\u00bb.vc_custom_1620651200626{margin-top: 0px !important;margin-bottom: 60px !important;}\u00bb][vc_column css=\u00bb.vc_custom_1620657752420{padding-top: 40px !important;padding-right: 20px !important;padding-bottom: 40px !important;padding-left: 20px !important;background-color: #f2f2f2 !important;}\u00bb][vc_row_inner row_type=\u00bbrow\u00bb type=\u00bbfull_width\u00bb use_row_as_full_screen_section_slide=\u00bbno\u00bb text_align=\u00bbleft\u00bb css_animation=\u00bb\u00bb][vc_column_inner css=\u00bb.vc_custom_1620651244667{padding-right: 33px !important;padding-left: 30px !important;}\u00bb][vc_column_text]<\/p>\n<h4 style=\"text-align: center;\"><strong>Para m\u00e1s informaci\u00f3n tur\u00edstica de la ciudad:<\/strong><\/h4>\n<h4 style=\"text-align: center;\"><a href=\"https:\/\/visitaterrassa.cat\/es\/\" target=\"_blank\" rel=\"noopener\"><u>Terrassa turismo<\/u><\/a> \/\u00a0<a href=\"https:\/\/www.terrassa.cat\/es\/transports\" target=\"_blank\" rel=\"noopener\"><u>Transportes p\u00fablicos de Terrassa<\/u><\/a> \/\u00a0<a href=\"https:\/\/visitaterrassa.cat\/es\/donde-dormir\/\" target=\"_blank\" rel=\"noopener\"><u>Hoteles<\/u><\/a><\/h4>\n<p>[\/vc_column_text][\/vc_column_inner][\/vc_row_inner][\/vc_column][\/vc_row]<\/p>\n","protected":false},"excerpt":{"rendered":"<p>[vc_row row_type=\u00bbrow\u00bb use_row_as_full_screen_section=\u00bbno\u00bb type=\u00bbfull_width\u00bb text_align=\u00bbleft\u00bb background_animation=\u00bbnone\u00bb css_animation=\u00bb\u00bb][vc_column parallax=\u00bbcontent-moving\u00bb parallax_image=\u00bb186&#8243; css=\u00bb.vc_custom_1620729815255{padding-top: 60px !important;padding-bottom: 60px !important;}\u00bb][vc_row_inner row_type=\u00bbrow\u00bb type=\u00bbgrid\u00bb use_row_as_full_screen_section_slide=\u00bbno\u00bb text_align=\u00bbleft\u00bb css_animation=\u00bb\u00bb][vc_column_inner][vc_column_text] Terrassa [\/vc_column_text][vc_empty_space height=\u00bb5px\u00bb][vc_column_text el_class=\u00bbsubtitulo\u00bb] Una ciudad protagonista de la Revoluci\u00f3n Industrial del siglo XIX [\/vc_column_text][\/vc_column_inner][\/vc_row_inner][\/vc_column][\/vc_row][vc_row row_type=\u00bbrow\u00bb use_row_as_full_screen_section=\u00bbno\u00bb type=\u00bbgrid\u00bb text_align=\u00bbleft\u00bb background_animation=\u00bbnone\u00bb css_animation=\u00bb\u00bb css=\u00bb.vc_custom_1620648655428{margin-top: 60px !important;}\u00bb][vc_column width=\u00bb1\/4&#8243;][vc_empty_space height=\u00bb5&#8243;][vc_column_text]&#8230;<\/p>\n","protected":false},"author":1,"featured_media":0,"parent":0,"menu_order":0,"comment_status":"closed","ping_status":"closed","template":"full_width.php","meta":{"footnotes":""},"class_list":["post-251","page","type-page","status-publish","hentry"],"_links":{"self":[{"href":"https:\/\/www.congresonacionalcolor.com\/2022\/wp-json\/wp\/v2\/pages\/251","targetHints":{"allow":["GET"]}}],"collection":[{"href":"https:\/\/www.congresonacionalcolor.com\/2022\/wp-json\/wp\/v2\/pages"}],"about":[{"href":"https:\/\/www.congresonacionalcolor.com\/2022\/wp-json\/wp\/v2\/types\/page"}],"author":[{"embeddable":true,"href":"https:\/\/www.congresonacionalcolor.com\/2022\/wp-json\/wp\/v2\/users\/1"}],"replies":[{"embeddable":true,"href":"https:\/\/www.congresonacionalcolor.com\/2022\/wp-json\/wp\/v2\/comments?post=251"}],"version-history":[{"count":6,"href":"https:\/\/www.congresonacionalcolor.com\/2022\/wp-json\/wp\/v2\/pages\/251\/revisions"}],"predecessor-version":[{"id":639,"href":"https:\/\/www.congresonacionalcolor.com\/2022\/wp-json\/wp\/v2\/pages\/251\/revisions\/639"}],"wp:attachment":[{"href":"https:\/\/www.congresonacionalcolor.com\/2022\/wp-json\/wp\/v2\/media?parent=251"}],"curies":[{"name":"wp","href":"https:\/\/api.w.org\/{rel}","templated":true}]}}

<p>[vc_row row_type=»row» use_row_as_full_screen_section=»no» type=»full_width» text_align=»left» background_animation=»none» css_animation=»»][vc_column parallax=»content-moving» parallax_image=»186&#8243; css=».vc_custom_1620729815255{padding-top: 60px !important;padding-bottom: 60px !important;}»][vc_row_inner row_type=»row» type=»grid» use_row_as_full_screen_section_slide=»no» text_align=»left» css_animation=»»][vc_column_inner][vc_column_text]</p>
<h2 style="text-align: center;"><span style="color: #ffffff;">Terrassa</span></h2>
<p>[/vc_column_text][vc_empty_space height=»5px»][vc_column_text el_class=»subtitulo»]</p>
<h4 class="subtitulo">Una ciudad protagonista <span style="font-weight: 400;">de la Revolución Industrial del siglo XIX</span></h4>
<p>[/vc_column_text][/vc_column_inner][/vc_row_inner][/vc_column][/vc_row][vc_row row_type=»row» use_row_as_full_screen_section=»no» type=»grid» text_align=»left» background_animation=»none» css_animation=»» css=».vc_custom_1620648655428{margin-top: 60px !important;}»][vc_column width=»1/4&#8243;][vc_empty_space height=»5&#8243;][vc_column_text]</p>
<h4>Terrassa es más que una ciudad industrial. Con más de 216.000 habitantes, Terrassa posee un rico patrimonio cultural y artístico.</h4>
<p>[/vc_column_text][vc_empty_space height=»20&#8243;][/vc_column][vc_column width=»3/4&#8243; css=».vc_custom_1620648601701{padding-right: 60px !important;padding-left: 30px !important;}»][vc_column_text]Enclavada a los pies del Parque Natural de Sant Llorenç del Munt, y rodeada de bosques y montañas, Terrassa es una de las localidades catalanas que protagonizaron la Revolución Industrial del siglo XIX.</p>
<p><strong>La Seu d’Ègara</strong>, situada al lado del parque de Vallparadís donde se han hecho importantes hallazgos paleontológicos, la <strong>Torre del Palau</strong> y el <strong>Castell-Cartoixa</strong> configuran su patrimonio medieval. Un salto en el tiempo nos lleva a la época del Modernismo y a la industrialización: <strong>Vapor Aymerich, Amat i Jover</strong> (actual <strong>mNACTEC</strong>), <strong>Masia Freixa</strong>, <strong>Casa Alegre de Sagrera</strong>… <strong>El Festival de Jazz</strong>, <strong>la Fira Modernista</strong>, los productos tradicionales y ecológicos de Terrassa Gastronòmica, el hockey, las temporadas de danza, música y teatro, las exhibiciones castelleras o el golf completan una amplia oferta para disfrutar de una ciudad dinámica y de servicios.[/vc_column_text][/vc_column][/vc_row][vc_row row_type=»row» use_row_as_full_screen_section=»no» type=»full_width» text_align=»left» background_animation=»none» css_animation=»» css=».vc_custom_1620648848408{margin-top: 50px !important;margin-right: 30px !important;margin-bottom: 30px !important;margin-left: 30px !important;}»][vc_column width=»1/2&#8243;][vc_single_image image=»634&#8243; img_size=»800&#215;450&#8243; alignment=»center» qode_css_animation=»»][vc_empty_space height=»20&#8243;][/vc_column][vc_column width=»1/2&#8243;][vc_single_image image=»625&#8243; img_size=»800&#215;450&#8243; alignment=»center» qode_css_animation=»»][/vc_column][/vc_row][vc_row row_type=»row» use_row_as_full_screen_section=»no» type=»grid» text_align=»left» background_animation=»none» css_animation=»» css=».vc_custom_1620651495273{margin-top: 0px !important;margin-bottom: 60px !important;}»][vc_column css=».vc_custom_1620648906792{padding-right: 20px !important;padding-left: 20px !important;}»][vc_column_text]</p>
<h4>Terrassa, ciudad universitaria</h4>
<p>[/vc_column_text][vc_row_inner row_type=»row» type=»full_width» use_row_as_full_screen_section_slide=»no» text_align=»left» css_animation=»»][vc_column_inner width=»1/2&#8243;][vc_column_text]Más de 100 años de tradición universitaria convierten la ciudad de Terrassa en un gran campus urbano. Es la segunda ciudad universitaria más importante de Cataluña, después de Barcelona, y el espacio donde se ubican cuatro universidades, seis escuelas universitarias, una facultad y un hospital universitario.</p>
<p>Terrassa acoge el segundo campus más importante de la <a href="http://www.upc.edu/" target="_blank" rel="noopener">Universitat Politècnica de Catalunya</a>, institución pública de investigación y educación superior en los ámbitos de la ingeniería, la arquitectura, las ciencias y la tecnología, y una de las universidades politécnicas líderes de Europa.[/vc_column_text][/vc_column_inner][vc_column_inner width=»1/2&#8243;][vc_column_text]Titula cada año más de 6.000 estudiantes de <a href="https://www.upc.edu/es/grados" target="_blank" rel="noopener">grado</a> y <a href="https://www.upc.edu/es/masteres" target="_blank" rel="noopener">máster</a>, y más de 500 <a href="https://doctorat.upc.edu/es" target="_blank" rel="noopener">doctoras y doctores</a>. Es una de las universidades con más alto índice de inserción laboral de sus titulados: un 93% trabaja y un 76% encuentra trabajo en menos de 3 meses.</p>
<p>La UPC está bien posicionada en los principales <a href="http://www.upc.edu/ranquings/es" target="_blank" rel="noopener">rankings internacionales</a>. Destacan la <a href="https://foot.upc.edu/es" target="_blank" rel="noopener">Facultat d’Òptica i Optometria de Terrassa</a> y la <a href="https://eseiaat.upc.edu/es" target="_blank" rel="noopener">Escola Superior d’Enginyeries Industrial, Aeroespacial y Audiovisual</a>.[/vc_column_text][/vc_column_inner][/vc_row_inner][/vc_column][/vc_row][vc_row row_type=»row» use_row_as_full_screen_section=»no» type=»grid» text_align=»left» background_animation=»none» css_animation=»» css=».vc_custom_1620651200626{margin-top: 0px !important;margin-bottom: 60px !important;}»][vc_column css=».vc_custom_1620657752420{padding-top: 40px !important;padding-right: 20px !important;padding-bottom: 40px !important;padding-left: 20px !important;background-color: #f2f2f2 !important;}»][vc_row_inner row_type=»row» type=»full_width» use_row_as_full_screen_section_slide=»no» text_align=»left» css_animation=»»][vc_column_inner css=».vc_custom_1620651244667{padding-right: 33px !important;padding-left: 30px !important;}»][vc_column_text]</p>
<h4 style="text-align: center;"><strong>Para más información turística de la ciudad:</strong></h4>
<h4 style="text-align: center;"><a href="https://visitaterrassa.cat/es/" target="_blank" rel="noopener"><u>Terrassa turismo</u></a> / <a href="https://www.terrassa.cat/es/transports" target="_blank" rel="noopener"><u>Transportes públicos de Terrassa</u></a> / <a href="https://visitaterrassa.cat/es/donde-dormir/" target="_blank" rel="noopener"><u>Hoteles</u></a></h4>
<p>[/vc_column_text][/vc_column_inner][/vc_row_inner][/vc_column][/vc_row]</p>

<p>[vc_row row_type=»row» use_row_as_full_screen_section=»no» type=»full_width» text_align=»left» background_animation=»none» css_animation=»»][vc_column parallax=»content-moving» parallax_image=»186&#8243; css=».vc_custom_1620729815255{padding-top: 60px !important;padding-bottom: 60px !important;}»][vc_row_inner row_type=»row» type=»grid» use_row_as_full_screen_section_slide=»no» text_align=»left» css_animation=»»][vc_column_inner][vc_column_text] Terrassa [/vc_column_text][vc_empty_space height=»5px»][vc_column_text el_class=»subtitulo»] Una ciudad protagonista de la Revolución Industrial del siglo XIX [/vc_column_text][/vc_column_inner][/vc_row_inner][/vc_column][/vc_row][vc_row row_type=»row» use_row_as_full_screen_section=»no» type=»grid» text_align=»left» background_animation=»none» css_animation=»» css=».vc_custom_1620648655428{margin-top: 60px !important;}»][vc_column width=»1/4&#8243;][vc_empty_space height=»5&#8243;][vc_column_text]&#8230;</p>
