{"id":233,"date":"2021-05-11T09:43:34","date_gmt":"2021-05-11T09:43:34","guid":{"rendered":"http:\/\/www.congresonacionalcolor.com\/2022\/?page_id=233"},"modified":"2022-03-04T08:46:43","modified_gmt":"2022-03-04T08:46:43","slug":"fechas-importantes","status":"publish","type":"page","link":"https:\/\/www.congresonacionalcolor.com\/2022\/fechas-importantes\/","title":{"rendered":"Fechas importantes"},"content":{"rendered":"<p>[vc_row row_type=\u00bbrow\u00bb use_row_as_full_screen_section=\u00bbno\u00bb type=\u00bbfull_width\u00bb text_align=\u00bbleft\u00bb background_animation=\u00bbnone\u00bb css_animation=\u00bb\u00bb][vc_column parallax=\u00bbcontent-moving\u00bb parallax_image=\u00bb188&#8243; css=\u00bb.vc_custom_1620726167324{padding-top: 60px !important;padding-bottom: 60px !important;}\u00bb][vc_row_inner row_type=\u00bbrow\u00bb type=\u00bbgrid\u00bb use_row_as_full_screen_section_slide=\u00bbno\u00bb text_align=\u00bbleft\u00bb css_animation=\u00bb\u00bb][vc_column_inner][vc_column_text]<\/p>\n<h2 style=\"text-align: center;\"><span style=\"color: #ffffff;\">Fechas importantes<\/span><\/h2>\n<p>[\/vc_column_text][vc_empty_space height=\u00bb5px\u00bb][vc_column_text el_class=\u00bbsubtitulo\u00bb]<\/p>\n<h4 class=\"subtitulo\">D\u00edas destacados<\/h4>\n<p>[\/vc_column_text][\/vc_column_inner][\/vc_row_inner][\/vc_column][\/vc_row][vc_row row_type=\u00bbrow\u00bb use_row_as_full_screen_section=\u00bbno\u00bb type=\u00bbgrid\u00bb text_align=\u00bbleft\u00bb background_animation=\u00bbnone\u00bb css_animation=\u00bb\u00bb css=\u00bb.vc_custom_1620726315035{margin-top: 60px !important;margin-bottom: 60px !important;}\u00bb][vc_column width=\u00bb1\/2&#8243; css=\u00bb.vc_custom_1620648871841{padding-right: 20px !important;padding-left: 20px !important;}\u00bb][vc_column_text]<\/p>\n<ul>\n<li><strong>Recepci\u00f3n de comunicaciones:<br \/>\n<\/strong>A partir del 1 de noviembre de 2021<\/li>\n<li><strong>Apertura de registro:<br \/>\n<\/strong>A partir del 15 de enero de 2022<\/li>\n<li><strong>Env\u00edo de comunicaciones y res\u00famenes:<\/strong><br \/>\nHasta el 1 de marzo de 2022 (extendido hasta el 13 de marzo)<\/li>\n<li><strong>Notificaci\u00f3n de la aceptaci\u00f3n y del tipo de comunicaci\u00f3n:<br \/>\n<\/strong>1 de mayo de 2022<\/li>\n<\/ul>\n<p>[\/vc_column_text][\/vc_column][vc_column width=\u00bb1\/2&#8243; css=\u00bb.vc_custom_1620648879132{padding-right: 20px !important;padding-left: 20px !important;}\u00bb][vc_column_text]<\/p>\n<ul>\n<li><strong>Fin de la inscripci\u00f3n anticipada:<br \/>\n<\/strong>15 de mayo de 2022<\/li>\n<li><strong>Programa definitivo:<br \/>\n<\/strong>30 de mayo de 2022<\/li>\n<li><strong>Realizaci\u00f3n del congreso:<br \/>\n<\/strong>29-30 de junio, 1 de julio de 2022<\/li>\n<\/ul>\n<p>[\/vc_column_text][\/vc_column][\/vc_row]<\/p>\n","protected":false},"excerpt":{"rendered":"<p>[vc_row row_type=\u00bbrow\u00bb use_row_as_full_screen_section=\u00bbno\u00bb type=\u00bbfull_width\u00bb text_align=\u00bbleft\u00bb background_animation=\u00bbnone\u00bb css_animation=\u00bb\u00bb][vc_column parallax=\u00bbcontent-moving\u00bb parallax_image=\u00bb188&#8243; css=\u00bb.vc_custom_1620726167324{padding-top: 60px !important;padding-bottom: 60px !important;}\u00bb][vc_row_inner row_type=\u00bbrow\u00bb type=\u00bbgrid\u00bb use_row_as_full_screen_section_slide=\u00bbno\u00bb text_align=\u00bbleft\u00bb css_animation=\u00bb\u00bb][vc_column_inner][vc_column_text] Fechas importantes [\/vc_column_text][vc_empty_space height=\u00bb5px\u00bb][vc_column_text el_class=\u00bbsubtitulo\u00bb] D\u00edas destacados [\/vc_column_text][\/vc_column_inner][\/vc_row_inner][\/vc_column][\/vc_row][vc_row row_type=\u00bbrow\u00bb use_row_as_full_screen_section=\u00bbno\u00bb type=\u00bbgrid\u00bb text_align=\u00bbleft\u00bb background_animation=\u00bbnone\u00bb css_animation=\u00bb\u00bb css=\u00bb.vc_custom_1620726315035{margin-top: 60px !important;margin-bottom: 60px !important;}\u00bb][vc_column width=\u00bb1\/2&#8243; css=\u00bb.vc_custom_1620648871841{padding-right: 20px !important;padding-left: 20px !important;}\u00bb][vc_column_text] Recepci\u00f3n&#8230;<\/p>\n","protected":false},"author":1,"featured_media":0,"parent":0,"menu_order":0,"comment_status":"closed","ping_status":"closed","template":"full_width.php","meta":{"footnotes":""},"class_list":["post-233","page","type-page","status-publish","hentry"],"_links":{"self":[{"href":"https:\/\/www.congresonacionalcolor.com\/2022\/wp-json\/wp\/v2\/pages\/233","targetHints":{"allow":["GET"]}}],"collection":[{"href":"https:\/\/www.congresonacionalcolor.com\/2022\/wp-json\/wp\/v2\/pages"}],"about":[{"href":"https:\/\/www.congresonacionalcolor.com\/2022\/wp-json\/wp\/v2\/types\/page"}],"author":[{"embeddable":true,"href":"https:\/\/www.congresonacionalcolor.com\/2022\/wp-json\/wp\/v2\/users\/1"}],"replies":[{"embeddable":true,"href":"https:\/\/www.congresonacionalcolor.com\/2022\/wp-json\/wp\/v2\/comments?post=233"}],"version-history":[{"count":7,"href":"https:\/\/www.congresonacionalcolor.com\/2022\/wp-json\/wp\/v2\/pages\/233\/revisions"}],"predecessor-version":[{"id":731,"href":"https:\/\/www.congresonacionalcolor.com\/2022\/wp-json\/wp\/v2\/pages\/233\/revisions\/731"}],"wp:attachment":[{"href":"https:\/\/www.congresonacionalcolor.com\/2022\/wp-json\/wp\/v2\/media?parent=233"}],"curies":[{"name":"wp","href":"https:\/\/api.w.org\/{rel}","templated":true}]}}

<p>[vc_row row_type=»row» use_row_as_full_screen_section=»no» type=»full_width» text_align=»left» background_animation=»none» css_animation=»»][vc_column parallax=»content-moving» parallax_image=»188&#8243; css=».vc_custom_1620726167324{padding-top: 60px !important;padding-bottom: 60px !important;}»][vc_row_inner row_type=»row» type=»grid» use_row_as_full_screen_section_slide=»no» text_align=»left» css_animation=»»][vc_column_inner][vc_column_text]</p>
<h2 style="text-align: center;"><span style="color: #ffffff;">Fechas importantes</span></h2>
<p>[/vc_column_text][vc_empty_space height=»5px»][vc_column_text el_class=»subtitulo»]</p>
<h4 class="subtitulo">Días destacados</h4>
<p>[/vc_column_text][/vc_column_inner][/vc_row_inner][/vc_column][/vc_row][vc_row row_type=»row» use_row_as_full_screen_section=»no» type=»grid» text_align=»left» background_animation=»none» css_animation=»» css=».vc_custom_1620726315035{margin-top: 60px !important;margin-bottom: 60px !important;}»][vc_column width=»1/2&#8243; css=».vc_custom_1620648871841{padding-right: 20px !important;padding-left: 20px !important;}»][vc_column_text]</p>
<ul>
<li><strong>Recepción de comunicaciones:<br />
</strong>A partir del 1 de noviembre de 2021</li>
<li><strong>Apertura de registro:<br />
</strong>A partir del 15 de enero de 2022</li>
<li><strong>Envío de comunicaciones y resúmenes:</strong><br />
Hasta el 1 de marzo de 2022 (extendido hasta el 13 de marzo)</li>
<li><strong>Notificación de la aceptación y del tipo de comunicación:<br />
</strong>1 de mayo de 2022</li>
</ul>
<p>[/vc_column_text][/vc_column][vc_column width=»1/2&#8243; css=».vc_custom_1620648879132{padding-right: 20px !important;padding-left: 20px !important;}»][vc_column_text]</p>
<ul>
<li><strong>Fin de la inscripción anticipada:<br />
</strong>15 de mayo de 2022</li>
<li><strong>Programa definitivo:<br />
</strong>30 de mayo de 2022</li>
<li><strong>Realización del congreso:<br />
</strong>29-30 de junio, 1 de julio de 2022</li>
</ul>
<p>[/vc_column_text][/vc_column][/vc_row]</p>

<p>[vc_row row_type=»row» use_row_as_full_screen_section=»no» type=»full_width» text_align=»left» background_animation=»none» css_animation=»»][vc_column parallax=»content-moving» parallax_image=»188&#8243; css=».vc_custom_1620726167324{padding-top: 60px !important;padding-bottom: 60px !important;}»][vc_row_inner row_type=»row» type=»grid» use_row_as_full_screen_section_slide=»no» text_align=»left» css_animation=»»][vc_column_inner][vc_column_text] Fechas importantes [/vc_column_text][vc_empty_space height=»5px»][vc_column_text el_class=»subtitulo»] Días destacados [/vc_column_text][/vc_column_inner][/vc_row_inner][/vc_column][/vc_row][vc_row row_type=»row» use_row_as_full_screen_section=»no» type=»grid» text_align=»left» background_animation=»none» css_animation=»» css=».vc_custom_1620726315035{margin-top: 60px !important;margin-bottom: 60px !important;}»][vc_column width=»1/2&#8243; css=».vc_custom_1620648871841{padding-right: 20px !important;padding-left: 20px !important;}»][vc_column_text] Recepción&#8230;</p>
