{"id":203,"date":"2021-05-11T08:17:15","date_gmt":"2021-05-11T08:17:15","guid":{"rendered":"http:\/\/www.congresonacionalcolor.com\/2022\/?page_id=203"},"modified":"2022-01-28T14:35:56","modified_gmt":"2022-01-28T14:35:56","slug":"conferenciantes-invitados","status":"publish","type":"page","link":"https:\/\/www.congresonacionalcolor.com\/2022\/conferenciantes-invitados\/","title":{"rendered":"Conferenciantes invitados"},"content":{"rendered":"<p>[vc_row row_type=\u00bbrow\u00bb use_row_as_full_screen_section=\u00bbno\u00bb type=\u00bbfull_width\u00bb text_align=\u00bbleft\u00bb background_animation=\u00bbnone\u00bb css_animation=\u00bb\u00bb][vc_column parallax=\u00bbcontent-moving\u00bb parallax_image=\u00bb163&#8243; css=\u00bb.vc_custom_1620724248174{padding-top: 60px !important;padding-bottom: 60px !important;}\u00bb][vc_row_inner row_type=\u00bbrow\u00bb type=\u00bbgrid\u00bb use_row_as_full_screen_section_slide=\u00bbno\u00bb text_align=\u00bbleft\u00bb css_animation=\u00bb\u00bb][vc_column_inner][vc_column_text]<\/p>\n<h2 style=\"text-align: center;\"><span style=\"color: #ffffff;\">Conferenciantes invitados<\/span><\/h2>\n<p>[\/vc_column_text][vc_empty_space height=\u00bb5px\u00bb][vc_column_text el_class=\u00bbsubtitulo\u00bb]<\/p>\n<h4 class=\"subtitulo\">Sesiones plenarias<\/h4>\n<p>[\/vc_column_text][\/vc_column_inner][\/vc_row_inner][\/vc_column][\/vc_row][vc_row row_type=\u00bbrow\u00bb use_row_as_full_screen_section=\u00bbno\u00bb type=\u00bbgrid\u00bb text_align=\u00bbleft\u00bb background_animation=\u00bbnone\u00bb css_animation=\u00bb\u00bb css=\u00bb.vc_custom_1643380515385{margin-top: 80px !important;margin-bottom: 20px !important;}\u00bb][vc_column width=\u00bb1\/4&#8243;][vc_empty_space height=\u00bb10&#8243;][vc_single_image image=\u00bb694&#8243; img_size=\u00bbfull\u00bb alignment=\u00bbcenter\u00bb style=\u00bbvc_box_circle_2&#8243; qode_css_animation=\u00bb\u00bb][vc_empty_space height=\u00bb20&#8243;][\/vc_column][vc_column width=\u00bb3\/4&#8243; css=\u00bb.vc_custom_1639730257016{padding-right: 60px !important;padding-left: 30px !important;}\u00bb][vc_column_text]<\/p>\n<h3 class=\"ponente\">Dra. Ana Torres-Barchino<\/h3>\n<p>[\/vc_column_text][vc_column_text]T\u00edtulo de la charla: <strong>\u00abEl color en la arquitectura para el bienestar\u00bb<\/strong>[\/vc_column_text][vc_empty_space height=\u00bb10&#8243;][vc_column_text]Profesora Titular en la Escuela T\u00e9cnica Superior de Arquitectura de la Universitat Polit\u00e8cnica de Val\u00e8ncia (UPV), d\u00f3nde imparte clases en el Grado en Fundamentos de la Arquitectura y en los M\u00e1steres de Conservaci\u00f3n del Patrimonio Arquitect\u00f3nico e Ingenier\u00eda del Dise\u00f1o. Es Miembro del Instituto de Restauraci\u00f3n del Patrimonio de la UPV, del Grupo de Investigaci\u00f3n del Color en Arquitectura (GICA) y de la \u00abUni\u00f3n Europea Del Disegno\u00bb. Sus l\u00edneas de investigaci\u00f3n se centran en el estudio del color y la arquitectura patrimonial (desde el color en la arquitectura antigua al confort visual en centros residenciales para la mejora de la calidad de vida de las personas mayores).[\/vc_column_text][\/vc_column][\/vc_row][vc_row row_type=\u00bbrow\u00bb use_row_as_full_screen_section=\u00bbno\u00bb type=\u00bbgrid\u00bb text_align=\u00bbleft\u00bb background_animation=\u00bbnone\u00bb css_animation=\u00bb\u00bb css=\u00bb.vc_custom_1643380530170{margin-top: 80px !important;margin-bottom: 20px !important;}\u00bb][vc_column width=\u00bb1\/4&#8243;][vc_empty_space height=\u00bb10&#8243;][vc_single_image image=\u00bb705&#8243; img_size=\u00bbfull\u00bb alignment=\u00bbcenter\u00bb style=\u00bbvc_box_circle_2&#8243; qode_css_animation=\u00bb\u00bb][vc_empty_space height=\u00bb20&#8243;][\/vc_column][vc_column width=\u00bb3\/4&#8243; css=\u00bb.vc_custom_1639730257016{padding-right: 60px !important;padding-left: 30px !important;}\u00bb][vc_column_text]<\/p>\n<h3 class=\"ponente\">Dra. Marisa Rodr\u00edguez-Carmona<\/h3>\n<p>[\/vc_column_text][vc_column_text]T\u00edtulo de la charla: <strong>\u00abAdvances in Colour Vision Assessment\u00bb<\/strong>[\/vc_column_text][vc_empty_space height=\u00bb10&#8243;][vc_column_text]La Dra. Rodr\u00edguez-Carmona estudi\u00f3 F\u00edsica en el Imperial College London y defendi\u00f3 su tesis doctoral sobre la \u201cvariabilidad en la sensibilidad crom\u00e1tica\u201d en el centro \u201cApplied Vision Research\u201d de la City University of London, donde actualmente es Profesora Titular en \u00d3ptica y Ciencias de la Visi\u00f3n. Es secretaria y miembro de la junta del Grupo de Color del Reino Unido. Recibi\u00f3 el premio \u201cBuckston Browne\u201d (del Harveain Society) por su investigaci\u00f3n en medicina del trabajo. Sus l\u00edneas de investigaci\u00f3n se centran en el diagn\u00f3stico de las anomal\u00edas en la visi\u00f3n crom\u00e1tica, los cambios en el rendimiento visual con relaci\u00f3n al envejecimiento y enfermedad, la optimizaci\u00f3n en los m\u00e9todos de evaluaci\u00f3n de las deficiencias crom\u00e1ticas en cl\u00ednica y para diversos sectores profesionales (pilotos, bomberos, conductores de transporte p\u00fablico, etc.).[\/vc_column_text][\/vc_column][\/vc_row][vc_row row_type=\u00bbrow\u00bb use_row_as_full_screen_section=\u00bbno\u00bb type=\u00bbgrid\u00bb text_align=\u00bbleft\u00bb background_animation=\u00bbnone\u00bb css_animation=\u00bb\u00bb css=\u00bb.vc_custom_1643380555989{margin-top: 80px !important;margin-bottom: 100px !important;}\u00bb][vc_column width=\u00bb1\/4&#8243;][vc_empty_space height=\u00bb10&#8243;][vc_single_image image=\u00bb706&#8243; img_size=\u00bbfull\u00bb alignment=\u00bbcenter\u00bb style=\u00bbvc_box_circle_2&#8243; qode_css_animation=\u00bb\u00bb][vc_empty_space height=\u00bb20&#8243;][\/vc_column][vc_column width=\u00bb3\/4&#8243; css=\u00bb.vc_custom_1639730257016{padding-right: 60px !important;padding-left: 30px !important;}\u00bb][vc_column_text]<\/p>\n<h3 class=\"ponente\">Dr. Francisco M. Mart\u00ednez-Verd\u00fa<\/h3>\n<p>[\/vc_column_text][vc_column_text]T\u00edtulo de la charla: <strong>\u00abColor Science &amp; Technology in Axalta\u00bb<\/strong>[\/vc_column_text][vc_empty_space height=\u00bb10&#8243;][vc_column_text]El Dr. Francisco M. Mart\u00ednez-Verd\u00fa se doctor\u00f3 en F\u00edsica por la Universitat Polit\u00e8cnica de Catalunya en 2001. A lo largo de su carrera, ha liderado y participado en numerosos proyectos de investigaci\u00f3n competitivos e industriales en el campo de la Ciencia y Tecnolog\u00eda del Color. Es autor de m\u00e1s de 50 art\u00edculos y libros de texto indexados en el SCI y posee varias patentes. Desde 2003 hasta 2019 fue director del Grupo Color y Visi\u00f3n de la Universidad de Alicante, cubriendo diferentes temas te\u00f3ricos y aplicados relacionados con la Ciencia y Tecnolog\u00eda del Color y la Ergonom\u00eda Visual. Actualmente es investigador asociado s\u00e9nior del Equipo de Ciencias del Color de Axalta Coating Systems en el Centro de Innovaci\u00f3n Global (Philadelphia, PA, EUA).[\/vc_column_text][\/vc_column][\/vc_row]<\/p>\n","protected":false},"excerpt":{"rendered":"<p>[vc_row row_type=\u00bbrow\u00bb use_row_as_full_screen_section=\u00bbno\u00bb type=\u00bbfull_width\u00bb text_align=\u00bbleft\u00bb background_animation=\u00bbnone\u00bb css_animation=\u00bb\u00bb][vc_column parallax=\u00bbcontent-moving\u00bb parallax_image=\u00bb163&#8243; css=\u00bb.vc_custom_1620724248174{padding-top: 60px !important;padding-bottom: 60px !important;}\u00bb][vc_row_inner row_type=\u00bbrow\u00bb type=\u00bbgrid\u00bb use_row_as_full_screen_section_slide=\u00bbno\u00bb text_align=\u00bbleft\u00bb css_animation=\u00bb\u00bb][vc_column_inner][vc_column_text] Conferenciantes invitados [\/vc_column_text][vc_empty_space height=\u00bb5px\u00bb][vc_column_text el_class=\u00bbsubtitulo\u00bb] Sesiones plenarias [\/vc_column_text][\/vc_column_inner][\/vc_row_inner][\/vc_column][\/vc_row][vc_row row_type=\u00bbrow\u00bb use_row_as_full_screen_section=\u00bbno\u00bb type=\u00bbgrid\u00bb text_align=\u00bbleft\u00bb background_animation=\u00bbnone\u00bb css_animation=\u00bb\u00bb css=\u00bb.vc_custom_1643380515385{margin-top: 80px !important;margin-bottom: 20px !important;}\u00bb][vc_column width=\u00bb1\/4&#8243;][vc_empty_space height=\u00bb10&#8243;][vc_single_image image=\u00bb694&#8243; img_size=\u00bbfull\u00bb alignment=\u00bbcenter\u00bb style=\u00bbvc_box_circle_2&#8243; qode_css_animation=\u00bb\u00bb][vc_empty_space&#8230;<\/p>\n","protected":false},"author":1,"featured_media":0,"parent":0,"menu_order":0,"comment_status":"closed","ping_status":"closed","template":"full_width.php","meta":{"footnotes":""},"class_list":["post-203","page","type-page","status-publish","hentry"],"_links":{"self":[{"href":"https:\/\/www.congresonacionalcolor.com\/2022\/wp-json\/wp\/v2\/pages\/203","targetHints":{"allow":["GET"]}}],"collection":[{"href":"https:\/\/www.congresonacionalcolor.com\/2022\/wp-json\/wp\/v2\/pages"}],"about":[{"href":"https:\/\/www.congresonacionalcolor.com\/2022\/wp-json\/wp\/v2\/types\/page"}],"author":[{"embeddable":true,"href":"https:\/\/www.congresonacionalcolor.com\/2022\/wp-json\/wp\/v2\/users\/1"}],"replies":[{"embeddable":true,"href":"https:\/\/www.congresonacionalcolor.com\/2022\/wp-json\/wp\/v2\/comments?post=203"}],"version-history":[{"count":15,"href":"https:\/\/www.congresonacionalcolor.com\/2022\/wp-json\/wp\/v2\/pages\/203\/revisions"}],"predecessor-version":[{"id":708,"href":"https:\/\/www.congresonacionalcolor.com\/2022\/wp-json\/wp\/v2\/pages\/203\/revisions\/708"}],"wp:attachment":[{"href":"https:\/\/www.congresonacionalcolor.com\/2022\/wp-json\/wp\/v2\/media?parent=203"}],"curies":[{"name":"wp","href":"https:\/\/api.w.org\/{rel}","templated":true}]}}

<p>[vc_row row_type=»row» use_row_as_full_screen_section=»no» type=»full_width» text_align=»left» background_animation=»none» css_animation=»»][vc_column parallax=»content-moving» parallax_image=»163&#8243; css=».vc_custom_1620724248174{padding-top: 60px !important;padding-bottom: 60px !important;}»][vc_row_inner row_type=»row» type=»grid» use_row_as_full_screen_section_slide=»no» text_align=»left» css_animation=»»][vc_column_inner][vc_column_text]</p>
<h2 style="text-align: center;"><span style="color: #ffffff;">Conferenciantes invitados</span></h2>
<p>[/vc_column_text][vc_empty_space height=»5px»][vc_column_text el_class=»subtitulo»]</p>
<h4 class="subtitulo">Sesiones plenarias</h4>
<p>[/vc_column_text][/vc_column_inner][/vc_row_inner][/vc_column][/vc_row][vc_row row_type=»row» use_row_as_full_screen_section=»no» type=»grid» text_align=»left» background_animation=»none» css_animation=»» css=».vc_custom_1643380515385{margin-top: 80px !important;margin-bottom: 20px !important;}»][vc_column width=»1/4&#8243;][vc_empty_space height=»10&#8243;][vc_single_image image=»694&#8243; img_size=»full» alignment=»center» style=»vc_box_circle_2&#8243; qode_css_animation=»»][vc_empty_space height=»20&#8243;][/vc_column][vc_column width=»3/4&#8243; css=».vc_custom_1639730257016{padding-right: 60px !important;padding-left: 30px !important;}»][vc_column_text]</p>
<h3 class="ponente">Dra. Ana Torres-Barchino</h3>
<p>[/vc_column_text][vc_column_text]Título de la charla: <strong>«El color en la arquitectura para el bienestar»</strong>[/vc_column_text][vc_empty_space height=»10&#8243;][vc_column_text]Profesora Titular en la Escuela Técnica Superior de Arquitectura de la Universitat Politècnica de València (UPV), dónde imparte clases en el Grado en Fundamentos de la Arquitectura y en los Másteres de Conservación del Patrimonio Arquitectónico e Ingeniería del Diseño. Es Miembro del Instituto de Restauración del Patrimonio de la UPV, del Grupo de Investigación del Color en Arquitectura (GICA) y de la «Unión Europea Del Disegno». Sus líneas de investigación se centran en el estudio del color y la arquitectura patrimonial (desde el color en la arquitectura antigua al confort visual en centros residenciales para la mejora de la calidad de vida de las personas mayores).[/vc_column_text][/vc_column][/vc_row][vc_row row_type=»row» use_row_as_full_screen_section=»no» type=»grid» text_align=»left» background_animation=»none» css_animation=»» css=».vc_custom_1643380530170{margin-top: 80px !important;margin-bottom: 20px !important;}»][vc_column width=»1/4&#8243;][vc_empty_space height=»10&#8243;][vc_single_image image=»705&#8243; img_size=»full» alignment=»center» style=»vc_box_circle_2&#8243; qode_css_animation=»»][vc_empty_space height=»20&#8243;][/vc_column][vc_column width=»3/4&#8243; css=».vc_custom_1639730257016{padding-right: 60px !important;padding-left: 30px !important;}»][vc_column_text]</p>
<h3 class="ponente">Dra. Marisa Rodríguez-Carmona</h3>
<p>[/vc_column_text][vc_column_text]Título de la charla: <strong>«Advances in Colour Vision Assessment»</strong>[/vc_column_text][vc_empty_space height=»10&#8243;][vc_column_text]La Dra. Rodríguez-Carmona estudió Física en el Imperial College London y defendió su tesis doctoral sobre la “variabilidad en la sensibilidad cromática” en el centro “Applied Vision Research” de la City University of London, donde actualmente es Profesora Titular en Óptica y Ciencias de la Visión. Es secretaria y miembro de la junta del Grupo de Color del Reino Unido. Recibió el premio “Buckston Browne” (del Harveain Society) por su investigación en medicina del trabajo. Sus líneas de investigación se centran en el diagnóstico de las anomalías en la visión cromática, los cambios en el rendimiento visual con relación al envejecimiento y enfermedad, la optimización en los métodos de evaluación de las deficiencias cromáticas en clínica y para diversos sectores profesionales (pilotos, bomberos, conductores de transporte público, etc.).[/vc_column_text][/vc_column][/vc_row][vc_row row_type=»row» use_row_as_full_screen_section=»no» type=»grid» text_align=»left» background_animation=»none» css_animation=»» css=».vc_custom_1643380555989{margin-top: 80px !important;margin-bottom: 100px !important;}»][vc_column width=»1/4&#8243;][vc_empty_space height=»10&#8243;][vc_single_image image=»706&#8243; img_size=»full» alignment=»center» style=»vc_box_circle_2&#8243; qode_css_animation=»»][vc_empty_space height=»20&#8243;][/vc_column][vc_column width=»3/4&#8243; css=».vc_custom_1639730257016{padding-right: 60px !important;padding-left: 30px !important;}»][vc_column_text]</p>
<h3 class="ponente">Dr. Francisco M. Martínez-Verdú</h3>
<p>[/vc_column_text][vc_column_text]Título de la charla: <strong>«Color Science &amp; Technology in Axalta»</strong>[/vc_column_text][vc_empty_space height=»10&#8243;][vc_column_text]El Dr. Francisco M. Martínez-Verdú se doctoró en Física por la Universitat Politècnica de Catalunya en 2001. A lo largo de su carrera, ha liderado y participado en numerosos proyectos de investigación competitivos e industriales en el campo de la Ciencia y Tecnología del Color. Es autor de más de 50 artículos y libros de texto indexados en el SCI y posee varias patentes. Desde 2003 hasta 2019 fue director del Grupo Color y Visión de la Universidad de Alicante, cubriendo diferentes temas teóricos y aplicados relacionados con la Ciencia y Tecnología del Color y la Ergonomía Visual. Actualmente es investigador asociado sénior del Equipo de Ciencias del Color de Axalta Coating Systems en el Centro de Innovación Global (Philadelphia, PA, EUA).[/vc_column_text][/vc_column][/vc_row]</p>
