{"id":158,"date":"2021-05-10T13:39:14","date_gmt":"2021-05-10T13:39:14","guid":{"rendered":"http:\/\/www.congresonacionalcolor.com\/2022\/?page_id=158"},"modified":"2022-03-04T08:31:04","modified_gmt":"2022-03-04T08:31:04","slug":"estructura-y-ambitos-tematicos","status":"publish","type":"page","link":"https:\/\/www.congresonacionalcolor.com\/2022\/estructura-y-ambitos-tematicos\/","title":{"rendered":"Estructura y \u00e1mbitos tem\u00e1ticos"},"content":{"rendered":"<p>[vc_row row_type=\u00bbrow\u00bb use_row_as_full_screen_section=\u00bbno\u00bb type=\u00bbfull_width\u00bb text_align=\u00bbleft\u00bb background_animation=\u00bbnone\u00bb css_animation=\u00bb\u00bb][vc_column parallax=\u00bbcontent-moving\u00bb parallax_image=\u00bb163&#8243; css=\u00bb.vc_custom_1620654170810{padding-top: 60px !important;padding-bottom: 60px !important;}\u00bb][vc_row_inner row_type=\u00bbrow\u00bb type=\u00bbgrid\u00bb use_row_as_full_screen_section_slide=\u00bbno\u00bb text_align=\u00bbleft\u00bb css_animation=\u00bb\u00bb][vc_column_inner][vc_column_text]<\/p>\n<h2 style=\"text-align: center;\"><span style=\"color: #ffffff;\">Estructura y \u00e1mbitos tem\u00e1ticos<\/span><\/h2>\n<p>[\/vc_column_text][vc_empty_space height=\u00bb5px\u00bb][vc_column_text el_class=\u00bbsubtitulo\u00bb]<\/p>\n<h4 class=\"subtitulo\">\u00c1reas de inter\u00e9s<\/h4>\n<p>[\/vc_column_text][\/vc_column_inner][\/vc_row_inner][\/vc_column][\/vc_row][vc_row row_type=\u00bbrow\u00bb use_row_as_full_screen_section=\u00bbno\u00bb type=\u00bbgrid\u00bb text_align=\u00bbleft\u00bb background_animation=\u00bbnone\u00bb css_animation=\u00bb\u00bb css=\u00bb.vc_custom_1620654801771{margin-top: 60px !important;margin-bottom: 60px !important;}\u00bb][vc_column width=\u00bb1\/4&#8243;][vc_empty_space height=\u00bb10&#8243;][vc_column_text]<\/p>\n<h4>\u200bEn paralelo al programa cient\u00edfico del Congreso se ha desarrollado un programa social que se enunciar\u00e1 en breve.<\/h4>\n<p>[\/vc_column_text][vc_empty_space height=\u00bb20&#8243;][\/vc_column][vc_column width=\u00bb3\/4&#8243; css=\u00bb.vc_custom_1620654458013{padding-right: 60px !important;padding-left: 30px !important;}\u00bb][vc_column_text]Aparte de las Conferencias Plenarias, se llevar\u00e1n a cabo <strong>dos clases de comunicaciones<\/strong>, las <strong>orales<\/strong> y las de tipo <em><strong>flash talk<\/strong><\/em> (presentaciones orales cortas que sustituyen a los p\u00f3steres), previa selecci\u00f3n por parte del Comit\u00e9 Cient\u00edfico y considerando la preferencia de presentaci\u00f3n manifestada por los autores. Estas intervenciones se organizar\u00e1n por \u00e1mbitos tem\u00e1ticos en las distintas sesiones.[\/vc_column_text][vc_empty_space height=\u00bb20&#8243;][vc_column_text]<\/p>\n<h5 class=\"intro\"><span style=\"color: #f9b233;\"><strong>\u00c1mbitos tem\u00e1ticos<\/strong><\/span><\/h5>\n<p>[\/vc_column_text][vc_empty_space height=\u00bb20&#8243;][vc_row_inner row_type=\u00bbrow\u00bb type=\u00bbfull_width\u00bb use_row_as_full_screen_section_slide=\u00bbno\u00bb text_align=\u00bbleft\u00bb css_animation=\u00bb\u00bb css=\u00bb.vc_custom_1620654894230{padding-left: 60px !important;}\u00bb][vc_column_inner width=\u00bb1\/2&#8243;][vc_column_text]<\/p>\n<ul>\n<li>Ciencia y tecnolog\u00eda del Color<\/li>\n<li>Percepci\u00f3n del Color<\/li>\n<li>Color en Arte y Arquitectura<\/li>\n<li>An\u00e1lisis y s\u00edntesis de im\u00e1genes en Color<\/li>\n<li>Color en alimentos<\/li>\n<\/ul>\n<p>[\/vc_column_text][\/vc_column_inner][vc_column_inner width=\u00bb1\/2&#8243;][vc_column_text]<\/p>\n<ul>\n<li>Color en iluminaci\u00f3n<\/li>\n<li>Color en la industria<\/li>\n<li>Color y Educaci\u00f3n<\/li>\n<li>Tecnolog\u00eda de la imagen multiespectral<\/li>\n<\/ul>\n<p>[\/vc_column_text][\/vc_column_inner][\/vc_row_inner][\/vc_column][\/vc_row][vc_row row_type=\u00bbrow\u00bb use_row_as_full_screen_section=\u00bbno\u00bb type=\u00bbgrid\u00bb text_align=\u00bbleft\u00bb background_animation=\u00bbnone\u00bb css_animation=\u00bb\u00bb css=\u00bb.vc_custom_1620651200626{margin-top: 0px !important;margin-bottom: 60px !important;}\u00bb][vc_column css=\u00bb.vc_custom_1620654956879{padding-top: 40px !important;padding-right: 20px !important;padding-bottom: 40px !important;padding-left: 20px !important;background-color: #f2f2f2 !important;}\u00bb][vc_row_inner row_type=\u00bbrow\u00bb type=\u00bbfull_width\u00bb use_row_as_full_screen_section_slide=\u00bbno\u00bb text_align=\u00bbleft\u00bb css_animation=\u00bb\u00bb][vc_column_inner css=\u00bb.vc_custom_1620651244667{padding-right: 33px !important;padding-left: 30px !important;}\u00bb][vc_column_text]<\/p>\n<h4 style=\"text-align: center;\">Para m\u00e1s informaci\u00f3n tur\u00edstica de la ciudad de Terrassa, hoteles, etc.,<br \/>\nvisitar la secci\u00f3n <a href=\"http:\/\/www.congresonacionalcolor.com\/2022\/informacion-util\/\"><u>Informaci\u00f3n \u00fatil<\/u><\/a> y la web oficial de <a href=\"https:\/\/visitaterrassa.cat\/es\/\" target=\"_blank\" rel=\"noopener\"><u>Terrassa<\/u><\/a>.<\/h4>\n<p>[\/vc_column_text][\/vc_column_inner][\/vc_row_inner][\/vc_column][\/vc_row]<\/p>\n","protected":false},"excerpt":{"rendered":"<p>[vc_row row_type=\u00bbrow\u00bb use_row_as_full_screen_section=\u00bbno\u00bb type=\u00bbfull_width\u00bb text_align=\u00bbleft\u00bb background_animation=\u00bbnone\u00bb css_animation=\u00bb\u00bb][vc_column parallax=\u00bbcontent-moving\u00bb parallax_image=\u00bb163&#8243; css=\u00bb.vc_custom_1620654170810{padding-top: 60px !important;padding-bottom: 60px !important;}\u00bb][vc_row_inner row_type=\u00bbrow\u00bb type=\u00bbgrid\u00bb use_row_as_full_screen_section_slide=\u00bbno\u00bb text_align=\u00bbleft\u00bb css_animation=\u00bb\u00bb][vc_column_inner][vc_column_text] Estructura y \u00e1mbitos tem\u00e1ticos [\/vc_column_text][vc_empty_space height=\u00bb5px\u00bb][vc_column_text el_class=\u00bbsubtitulo\u00bb] \u00c1reas de inter\u00e9s [\/vc_column_text][\/vc_column_inner][\/vc_row_inner][\/vc_column][\/vc_row][vc_row row_type=\u00bbrow\u00bb use_row_as_full_screen_section=\u00bbno\u00bb type=\u00bbgrid\u00bb text_align=\u00bbleft\u00bb background_animation=\u00bbnone\u00bb css_animation=\u00bb\u00bb css=\u00bb.vc_custom_1620654801771{margin-top: 60px !important;margin-bottom: 60px !important;}\u00bb][vc_column width=\u00bb1\/4&#8243;][vc_empty_space height=\u00bb10&#8243;][vc_column_text] \u200bEn paralelo&#8230;<\/p>\n","protected":false},"author":1,"featured_media":0,"parent":0,"menu_order":0,"comment_status":"closed","ping_status":"closed","template":"full_width.php","meta":{"footnotes":""},"class_list":["post-158","page","type-page","status-publish","hentry"],"_links":{"self":[{"href":"https:\/\/www.congresonacionalcolor.com\/2022\/wp-json\/wp\/v2\/pages\/158","targetHints":{"allow":["GET"]}}],"collection":[{"href":"https:\/\/www.congresonacionalcolor.com\/2022\/wp-json\/wp\/v2\/pages"}],"about":[{"href":"https:\/\/www.congresonacionalcolor.com\/2022\/wp-json\/wp\/v2\/types\/page"}],"author":[{"embeddable":true,"href":"https:\/\/www.congresonacionalcolor.com\/2022\/wp-json\/wp\/v2\/users\/1"}],"replies":[{"embeddable":true,"href":"https:\/\/www.congresonacionalcolor.com\/2022\/wp-json\/wp\/v2\/comments?post=158"}],"version-history":[{"count":11,"href":"https:\/\/www.congresonacionalcolor.com\/2022\/wp-json\/wp\/v2\/pages\/158\/revisions"}],"predecessor-version":[{"id":721,"href":"https:\/\/www.congresonacionalcolor.com\/2022\/wp-json\/wp\/v2\/pages\/158\/revisions\/721"}],"wp:attachment":[{"href":"https:\/\/www.congresonacionalcolor.com\/2022\/wp-json\/wp\/v2\/media?parent=158"}],"curies":[{"name":"wp","href":"https:\/\/api.w.org\/{rel}","templated":true}]}}

Estructura y ámbitos temáticos

<p>[vc_row row_type=»row» use_row_as_full_screen_section=»no» type=»full_width» text_align=»left» background_animation=»none» css_animation=»»][vc_column parallax=»content-moving» parallax_image=»163&#8243; css=».vc_custom_1620654170810{padding-top: 60px !important;padding-bottom: 60px !important;}»][vc_row_inner row_type=»row» type=»grid» use_row_as_full_screen_section_slide=»no» text_align=»left» css_animation=»»][vc_column_inner][vc_column_text]</p>
<h2 style="text-align: center;"><span style="color: #ffffff;">Estructura y ámbitos temáticos</span></h2>
<p>[/vc_column_text][vc_empty_space height=»5px»][vc_column_text el_class=»subtitulo»]</p>
<h4 class="subtitulo">Áreas de interés</h4>
<p>[/vc_column_text][/vc_column_inner][/vc_row_inner][/vc_column][/vc_row][vc_row row_type=»row» use_row_as_full_screen_section=»no» type=»grid» text_align=»left» background_animation=»none» css_animation=»» css=».vc_custom_1620654801771{margin-top: 60px !important;margin-bottom: 60px !important;}»][vc_column width=»1/4&#8243;][vc_empty_space height=»10&#8243;][vc_column_text]</p>
<h4>​En paralelo al programa científico del Congreso se ha desarrollado un programa social que se enunciará en breve.</h4>
<p>[/vc_column_text][vc_empty_space height=»20&#8243;][/vc_column][vc_column width=»3/4&#8243; css=».vc_custom_1620654458013{padding-right: 60px !important;padding-left: 30px !important;}»][vc_column_text]Aparte de las Conferencias Plenarias, se llevarán a cabo <strong>dos clases de comunicaciones</strong>, las <strong>orales</strong> y las de tipo <em><strong>flash talk</strong></em> (presentaciones orales cortas que sustituyen a los pósteres), previa selección por parte del Comité Científico y considerando la preferencia de presentación manifestada por los autores. Estas intervenciones se organizarán por ámbitos temáticos en las distintas sesiones.[/vc_column_text][vc_empty_space height=»20&#8243;][vc_column_text]</p>
<h5 class="intro"><span style="color: #f9b233;"><strong>Ámbitos temáticos</strong></span></h5>
<p>[/vc_column_text][vc_empty_space height=»20&#8243;][vc_row_inner row_type=»row» type=»full_width» use_row_as_full_screen_section_slide=»no» text_align=»left» css_animation=»» css=».vc_custom_1620654894230{padding-left: 60px !important;}»][vc_column_inner width=»1/2&#8243;][vc_column_text]</p>
<ul>
<li>Ciencia y tecnología del Color</li>
<li>Percepción del Color</li>
<li>Color en Arte y Arquitectura</li>
<li>Análisis y síntesis de imágenes en Color</li>
<li>Color en alimentos</li>
</ul>
<p>[/vc_column_text][/vc_column_inner][vc_column_inner width=»1/2&#8243;][vc_column_text]</p>
<ul>
<li>Color en iluminación</li>
<li>Color en la industria</li>
<li>Color y Educación</li>
<li>Tecnología de la imagen multiespectral</li>
</ul>
<p>[/vc_column_text][/vc_column_inner][/vc_row_inner][/vc_column][/vc_row][vc_row row_type=»row» use_row_as_full_screen_section=»no» type=»grid» text_align=»left» background_animation=»none» css_animation=»» css=».vc_custom_1620651200626{margin-top: 0px !important;margin-bottom: 60px !important;}»][vc_column css=».vc_custom_1620654956879{padding-top: 40px !important;padding-right: 20px !important;padding-bottom: 40px !important;padding-left: 20px !important;background-color: #f2f2f2 !important;}»][vc_row_inner row_type=»row» type=»full_width» use_row_as_full_screen_section_slide=»no» text_align=»left» css_animation=»»][vc_column_inner css=».vc_custom_1620651244667{padding-right: 33px !important;padding-left: 30px !important;}»][vc_column_text]</p>
<h4 style="text-align: center;">Para más información turística de la ciudad de Terrassa, hoteles, etc.,<br />
visitar la sección <a href="http://www.congresonacionalcolor.com/2022/informacion-util/"><u>Información útil</u></a> y la web oficial de <a href="https://visitaterrassa.cat/es/" target="_blank" rel="noopener"><u>Terrassa</u></a>.</h4>
<p>[/vc_column_text][/vc_column_inner][/vc_row_inner][/vc_column][/vc_row]</p>

<p>[vc_row row_type=»row» use_row_as_full_screen_section=»no» type=»full_width» text_align=»left» background_animation=»none» css_animation=»»][vc_column parallax=»content-moving» parallax_image=»163&#8243; css=».vc_custom_1620654170810{padding-top: 60px !important;padding-bottom: 60px !important;}»][vc_row_inner row_type=»row» type=»grid» use_row_as_full_screen_section_slide=»no» text_align=»left» css_animation=»»][vc_column_inner][vc_column_text] Estructura y ámbitos temáticos [/vc_column_text][vc_empty_space height=»5px»][vc_column_text el_class=»subtitulo»] Áreas de interés [/vc_column_text][/vc_column_inner][/vc_row_inner][/vc_column][/vc_row][vc_row row_type=»row» use_row_as_full_screen_section=»no» type=»grid» text_align=»left» background_animation=»none» css_animation=»» css=».vc_custom_1620654801771{margin-top: 60px !important;margin-bottom: 60px !important;}»][vc_column width=»1/4&#8243;][vc_empty_space height=»10&#8243;][vc_column_text] ​En paralelo&#8230;</p>
