{"id":150,"date":"2021-05-10T13:28:14","date_gmt":"2021-05-10T13:28:14","guid":{"rendered":"http:\/\/www.congresonacionalcolor.com\/2022\/?page_id=150"},"modified":"2022-01-28T14:21:45","modified_gmt":"2022-01-28T14:21:45","slug":"comite-cientifico","status":"publish","type":"page","link":"https:\/\/www.congresonacionalcolor.com\/2022\/comite-cientifico\/","title":{"rendered":"Comit\u00e9 cient\u00edfico TBD"},"content":{"rendered":"<p>[vc_row row_type=\u00bbrow\u00bb use_row_as_full_screen_section=\u00bbno\u00bb type=\u00bbfull_width\u00bb text_align=\u00bbleft\u00bb background_animation=\u00bbnone\u00bb css_animation=\u00bb\u00bb][vc_column parallax=\u00bbcontent-moving\u00bb parallax_image=\u00bb71&#8243; css=\u00bb.vc_custom_1620644806908{padding-top: 60px !important;padding-bottom: 60px !important;}\u00bb][vc_row_inner row_type=\u00bbrow\u00bb type=\u00bbgrid\u00bb use_row_as_full_screen_section_slide=\u00bbno\u00bb text_align=\u00bbleft\u00bb css_animation=\u00bb\u00bb][vc_column_inner][vc_column_text]<\/p>\n<h2 style=\"text-align: center;\"><span style=\"color: #ffffff;\">Comit\u00e9 cient\u00edfico<\/span><\/h2>\n<p>[\/vc_column_text][vc_empty_space height=\u00bb5px\u00bb][vc_column_text el_class=\u00bbsubtitulo\u00bb]<\/p>\n<h4 class=\"subtitulo\">Equipo multidisciplinar<\/h4>\n<p>[\/vc_column_text][\/vc_column_inner][\/vc_row_inner][\/vc_column][\/vc_row][vc_row row_type=\u00bbrow\u00bb use_row_as_full_screen_section=\u00bbno\u00bb type=\u00bbgrid\u00bb text_align=\u00bbleft\u00bb background_animation=\u00bbnone\u00bb css_animation=\u00bb\u00bb css=\u00bb.vc_custom_1620653705394{margin-top: 60px !important;margin-bottom: 70px !important;}\u00bb][vc_column width=\u00bb1\/2&#8243; css=\u00bb.vc_custom_1636101140802{padding-right: 20px !important;padding-left: 20px !important;}\u00bb][vc_column_text]<\/p>\n<ul>\n<li>Luis Jim\u00e9nez del Barco, <em>Universidad de Granada<\/em><\/li>\n<li>Luis G\u00f3mez Robledo, <em>Universidad de Granada<\/em><\/li>\n<li>Alejandro Ferrero, <em>CSIC<\/em><\/li>\n<li>Javier Romero, <em>Universidad de Granada<\/em><\/li>\n<li>Mar\u00eda Sagrario Mill\u00e1n, <em>Universitat Polit\u00e8cnica de Catalunya<\/em><\/li>\n<li>\u00c1ngel Ignacio Negueruela, <em>Universidad de Zaragoza<\/em><\/li>\n<li>Manuel Melgosa, <em>Universidad de Granada<\/em><\/li>\n<li>Julio A. Lillo, <em>Universidad Complutense de Madrid<\/em><\/li>\n<li>Mar\u00eda Jos\u00e9 Luque, <em>Universidad de Valencia<\/em><\/li>\n<li>Humberto Moreira, <em>Universidad Complutense de Madrid<\/em><\/li>\n<li>Juan Serra, <em>Universitat Polit\u00e8cnica de Val\u00e8ncia<\/em><\/li>\n<li>Ana Torres, <em>Universitat Polit\u00e8cnica de Val\u00e8ncia<\/em><\/li>\n<li>Ana L\u00f3pez Montes, <em>Universidad de Granada<\/em><\/li>\n<li>Mar\u00eda Vanrell, <em>Universidad Aut\u00f3noma de Barcelona<\/em><\/li>\n<li>Rafael Huertas, <em>Universidad de Granada<\/em><\/li>\n<li>Juan Luis Nieves, <em>Universidad de Granada<\/em><\/li>\n<li>Javier Hern\u00e1ndez, <em>Universidad de Granada<\/em><\/li>\n<\/ul>\n<p>[\/vc_column_text][\/vc_column][vc_column width=\u00bb1\/2&#8243;][vc_column_text]<\/p>\n<ul>\n<li>Eva Mar\u00eda Valero, Universidad de Granada<\/li>\n<li>Olga Mar\u00eda Conde, <em>Universidad de Cantabria<\/em><\/li>\n<li>Francisco Jos\u00e9 Heredia, <em>Universidad de Sevilla<\/em><\/li>\n<li>Federico Ech\u00e1varri, <em>Universidad de La Rioja<\/em><\/li>\n<li>Ruperto Bermejo, <em>Universidad de Ja\u00e9n<\/em><\/li>\n<li>M. Lourdes Gonz\u00e1lez-Miret Mart\u00edn, <em>Universidad de Sevilla<\/em><\/li>\n<li>Joaqu\u00edn Campos, <em>CSIC<\/em><\/li>\n<li>Valent\u00edn Viqueira, <em>Universidad de Alicante<\/em><\/li>\n<li>Francisco J. Burgos, <em>Universitat Polit\u00e8cnica de Catalunya<\/em><\/li>\n<li>Jaume Pujol, <em>Universitat Polit\u00e8cnica de Catalunya<\/em><\/li>\n<li>Esther Perales, <em>Universidad de Alicante<\/em><\/li>\n<li>M. Isabel Suero L\u00f3pez,<em> Universidad de Extremadura<\/em><\/li>\n<li>Jos\u00e9 Antonio Garc\u00eda, <em>Universidad de Granada<\/em><\/li>\n<li>Dolores de Fez, <em>Universidad de Alicante<\/em><\/li>\n<li>Pedro Jos\u00e9 Pardo-Fern\u00e1ndez, <em>Universidad de Extremadura<\/em><\/li>\n<li>Meritxell Vilaseca, <em>Universitat Polit\u00e8cnica de Catalunya<\/em><\/li>\n<\/ul>\n<p>[\/vc_column_text][\/vc_column][\/vc_row]<\/p>\n","protected":false},"excerpt":{"rendered":"<p>[vc_row row_type=\u00bbrow\u00bb use_row_as_full_screen_section=\u00bbno\u00bb type=\u00bbfull_width\u00bb text_align=\u00bbleft\u00bb background_animation=\u00bbnone\u00bb css_animation=\u00bb\u00bb][vc_column parallax=\u00bbcontent-moving\u00bb parallax_image=\u00bb71&#8243; css=\u00bb.vc_custom_1620644806908{padding-top: 60px !important;padding-bottom: 60px !important;}\u00bb][vc_row_inner row_type=\u00bbrow\u00bb type=\u00bbgrid\u00bb use_row_as_full_screen_section_slide=\u00bbno\u00bb text_align=\u00bbleft\u00bb css_animation=\u00bb\u00bb][vc_column_inner][vc_column_text] Comit\u00e9 cient\u00edfico [\/vc_column_text][vc_empty_space height=\u00bb5px\u00bb][vc_column_text el_class=\u00bbsubtitulo\u00bb] Equipo multidisciplinar [\/vc_column_text][\/vc_column_inner][\/vc_row_inner][\/vc_column][\/vc_row][vc_row row_type=\u00bbrow\u00bb use_row_as_full_screen_section=\u00bbno\u00bb type=\u00bbgrid\u00bb text_align=\u00bbleft\u00bb background_animation=\u00bbnone\u00bb css_animation=\u00bb\u00bb css=\u00bb.vc_custom_1620653705394{margin-top: 60px !important;margin-bottom: 70px !important;}\u00bb][vc_column width=\u00bb1\/2&#8243; css=\u00bb.vc_custom_1636101140802{padding-right: 20px !important;padding-left: 20px !important;}\u00bb][vc_column_text] Luis&#8230;<\/p>\n","protected":false},"author":1,"featured_media":0,"parent":0,"menu_order":0,"comment_status":"closed","ping_status":"closed","template":"full_width.php","meta":{"footnotes":""},"class_list":["post-150","page","type-page","status-publish","hentry"],"_links":{"self":[{"href":"https:\/\/www.congresonacionalcolor.com\/2022\/wp-json\/wp\/v2\/pages\/150","targetHints":{"allow":["GET"]}}],"collection":[{"href":"https:\/\/www.congresonacionalcolor.com\/2022\/wp-json\/wp\/v2\/pages"}],"about":[{"href":"https:\/\/www.congresonacionalcolor.com\/2022\/wp-json\/wp\/v2\/types\/page"}],"author":[{"embeddable":true,"href":"https:\/\/www.congresonacionalcolor.com\/2022\/wp-json\/wp\/v2\/users\/1"}],"replies":[{"embeddable":true,"href":"https:\/\/www.congresonacionalcolor.com\/2022\/wp-json\/wp\/v2\/comments?post=150"}],"version-history":[{"count":8,"href":"https:\/\/www.congresonacionalcolor.com\/2022\/wp-json\/wp\/v2\/pages\/150\/revisions"}],"predecessor-version":[{"id":704,"href":"https:\/\/www.congresonacionalcolor.com\/2022\/wp-json\/wp\/v2\/pages\/150\/revisions\/704"}],"wp:attachment":[{"href":"https:\/\/www.congresonacionalcolor.com\/2022\/wp-json\/wp\/v2\/media?parent=150"}],"curies":[{"name":"wp","href":"https:\/\/api.w.org\/{rel}","templated":true}]}}

Comité científico TBD

<p>[vc_row row_type=»row» use_row_as_full_screen_section=»no» type=»full_width» text_align=»left» background_animation=»none» css_animation=»»][vc_column parallax=»content-moving» parallax_image=»71&#8243; css=».vc_custom_1620644806908{padding-top: 60px !important;padding-bottom: 60px !important;}»][vc_row_inner row_type=»row» type=»grid» use_row_as_full_screen_section_slide=»no» text_align=»left» css_animation=»»][vc_column_inner][vc_column_text]</p>
<h2 style="text-align: center;"><span style="color: #ffffff;">Comité científico</span></h2>
<p>[/vc_column_text][vc_empty_space height=»5px»][vc_column_text el_class=»subtitulo»]</p>
<h4 class="subtitulo">Equipo multidisciplinar</h4>
<p>[/vc_column_text][/vc_column_inner][/vc_row_inner][/vc_column][/vc_row][vc_row row_type=»row» use_row_as_full_screen_section=»no» type=»grid» text_align=»left» background_animation=»none» css_animation=»» css=».vc_custom_1620653705394{margin-top: 60px !important;margin-bottom: 70px !important;}»][vc_column width=»1/2&#8243; css=».vc_custom_1636101140802{padding-right: 20px !important;padding-left: 20px !important;}»][vc_column_text]</p>
<ul>
<li>Luis Jiménez del Barco, <em>Universidad de Granada</em></li>
<li>Luis Gómez Robledo, <em>Universidad de Granada</em></li>
<li>Alejandro Ferrero, <em>CSIC</em></li>
<li>Javier Romero, <em>Universidad de Granada</em></li>
<li>María Sagrario Millán, <em>Universitat Politècnica de Catalunya</em></li>
<li>Ángel Ignacio Negueruela, <em>Universidad de Zaragoza</em></li>
<li>Manuel Melgosa, <em>Universidad de Granada</em></li>
<li>Julio A. Lillo, <em>Universidad Complutense de Madrid</em></li>
<li>María José Luque, <em>Universidad de Valencia</em></li>
<li>Humberto Moreira, <em>Universidad Complutense de Madrid</em></li>
<li>Juan Serra, <em>Universitat Politècnica de València</em></li>
<li>Ana Torres, <em>Universitat Politècnica de València</em></li>
<li>Ana López Montes, <em>Universidad de Granada</em></li>
<li>María Vanrell, <em>Universidad Autónoma de Barcelona</em></li>
<li>Rafael Huertas, <em>Universidad de Granada</em></li>
<li>Juan Luis Nieves, <em>Universidad de Granada</em></li>
<li>Javier Hernández, <em>Universidad de Granada</em></li>
</ul>
<p>[/vc_column_text][/vc_column][vc_column width=»1/2&#8243;][vc_column_text]</p>
<ul>
<li>Eva María Valero, Universidad de Granada</li>
<li>Olga María Conde, <em>Universidad de Cantabria</em></li>
<li>Francisco José Heredia, <em>Universidad de Sevilla</em></li>
<li>Federico Echávarri, <em>Universidad de La Rioja</em></li>
<li>Ruperto Bermejo, <em>Universidad de Jaén</em></li>
<li>M. Lourdes González-Miret Martín, <em>Universidad de Sevilla</em></li>
<li>Joaquín Campos, <em>CSIC</em></li>
<li>Valentín Viqueira, <em>Universidad de Alicante</em></li>
<li>Francisco J. Burgos, <em>Universitat Politècnica de Catalunya</em></li>
<li>Jaume Pujol, <em>Universitat Politècnica de Catalunya</em></li>
<li>Esther Perales, <em>Universidad de Alicante</em></li>
<li>M. Isabel Suero López,<em> Universidad de Extremadura</em></li>
<li>José Antonio García, <em>Universidad de Granada</em></li>
<li>Dolores de Fez, <em>Universidad de Alicante</em></li>
<li>Pedro José Pardo-Fernández, <em>Universidad de Extremadura</em></li>
<li>Meritxell Vilaseca, <em>Universitat Politècnica de Catalunya</em></li>
</ul>
<p>[/vc_column_text][/vc_column][/vc_row]</p>

<p>[vc_row row_type=»row» use_row_as_full_screen_section=»no» type=»full_width» text_align=»left» background_animation=»none» css_animation=»»][vc_column parallax=»content-moving» parallax_image=»71&#8243; css=».vc_custom_1620644806908{padding-top: 60px !important;padding-bottom: 60px !important;}»][vc_row_inner row_type=»row» type=»grid» use_row_as_full_screen_section_slide=»no» text_align=»left» css_animation=»»][vc_column_inner][vc_column_text] Comité científico [/vc_column_text][vc_empty_space height=»5px»][vc_column_text el_class=»subtitulo»] Equipo multidisciplinar [/vc_column_text][/vc_column_inner][/vc_row_inner][/vc_column][/vc_row][vc_row row_type=»row» use_row_as_full_screen_section=»no» type=»grid» text_align=»left» background_animation=»none» css_animation=»» css=».vc_custom_1620653705394{margin-top: 60px !important;margin-bottom: 70px !important;}»][vc_column width=»1/2&#8243; css=».vc_custom_1636101140802{padding-right: 20px !important;padding-left: 20px !important;}»][vc_column_text] Luis&#8230;</p>
