{"id":15,"date":"2021-05-06T15:00:47","date_gmt":"2021-05-06T15:00:47","guid":{"rendered":"http:\/\/www.congresonacionalcolor.com\/2022\/?page_id=15"},"modified":"2022-06-03T11:33:35","modified_gmt":"2022-06-03T11:33:35","slug":"instrucciones-autores-envio-comunicaciones","status":"publish","type":"page","link":"https:\/\/www.congresonacionalcolor.com\/2022\/instrucciones-autores-envio-comunicaciones\/","title":{"rendered":"Instrucciones para autores y env\u00edo de comunicaciones"},"content":{"rendered":"<p>[vc_row row_type=\u00bbrow\u00bb use_row_as_full_screen_section=\u00bbno\u00bb type=\u00bbfull_width\u00bb text_align=\u00bbleft\u00bb background_animation=\u00bbnone\u00bb css_animation=\u00bb\u00bb][vc_column parallax=\u00bbcontent-moving\u00bb parallax_image=\u00bb188&#8243; css=\u00bb.vc_custom_1620726167324{padding-top: 60px !important;padding-bottom: 60px !important;}\u00bb][vc_row_inner row_type=\u00bbrow\u00bb type=\u00bbgrid\u00bb use_row_as_full_screen_section_slide=\u00bbno\u00bb text_align=\u00bbleft\u00bb css_animation=\u00bb\u00bb][vc_column_inner][vc_column_text]<\/p>\n<h2 style=\"text-align: center;\"><span style=\"color: #ffffff;\">Instrucciones para autores y env\u00edo de comunicaciones<\/span><\/h2>\n<p>[\/vc_column_text][vc_empty_space height=\u00bb5px\u00bb][vc_column_text el_class=\u00bbsubtitulo\u00bb]<\/p>\n<h4 class=\"subtitulo\">Propuestas de comunicaci\u00f3n para el CNC 2022<\/h4>\n<p>[\/vc_column_text][\/vc_column_inner][\/vc_row_inner][\/vc_column][\/vc_row][vc_row row_type=\u00bbrow\u00bb use_row_as_full_screen_section=\u00bbno\u00bb type=\u00bbgrid\u00bb text_align=\u00bbleft\u00bb background_animation=\u00bbnone\u00bb css_animation=\u00bb\u00bb css=\u00bb.vc_custom_1620648655428{margin-top: 60px !important;}\u00bb][vc_column width=\u00bb5\/6&#8243;][vc_column_text]<\/p>\n<h4>A partir del 1 de noviembre se pueden enviar las propuestas de comunicaci\u00f3n para el XIII Congreso Nacional del Color, de acuerdo al modelo de plantilla e indicaciones que se explican a continuaci\u00f3n, y usando el formulario de env\u00edo disponible en este apartado.<\/h4>\n<p>[\/vc_column_text][\/vc_column][vc_column width=\u00bb1\/6&#8243; css=\u00bb.vc_custom_1620648601701{padding-right: 60px !important;padding-left: 30px !important;}\u00bb][\/vc_column][\/vc_row][vc_row row_type=\u00bbrow\u00bb use_row_as_full_screen_section=\u00bbno\u00bb type=\u00bbgrid\u00bb text_align=\u00bbleft\u00bb background_animation=\u00bbnone\u00bb css_animation=\u00bb\u00bb css=\u00bb.vc_custom_1620731566662{margin-top: 10px !important;}\u00bb][vc_column width=\u00bb1\/2&#8243; css=\u00bb.vc_custom_1620648871841{padding-right: 20px !important;padding-left: 20px !important;}\u00bb][vc_column_text]Para presentar una comunicaci\u00f3n, bien como oral o <em>flash talk<\/em>, ser\u00e1 requisito que al menos uno de los autores de la comunicaci\u00f3n (el autor que presentar\u00e1 el trabajo) est\u00e9 inscrito en el Congreso.<\/p>\n<p><strong>No se podr\u00e1n enviar m\u00e1s de dos comunicaciones<\/strong>\u00a0con un mismo primer autor pudiendo participar como coautor en varias comunicaciones.\u00a0Cada inscripci\u00f3n da derecho a presentar dos comunicaciones.<\/p>\n<p>Las comunicaciones deber\u00e1n ser remitidas a trav\u00e9s de la plataforma habilitada mediante el uso de la plantilla oficial en formato .docx <strong>antes del 1 de marzo<\/strong>.[\/vc_column_text][\/vc_column][vc_column width=\u00bb1\/2&#8243; css=\u00bb.vc_custom_1620648879132{padding-right: 20px !important;padding-left: 20px !important;}\u00bb][vc_column_text]Adem\u00e1s de la comunicaci\u00f3n completa se deber\u00e1 aportar <strong>un resumen<\/strong> a trav\u00e9s de la plataforma donde se incluir\u00e1n los objetivos, la metodolog\u00eda empleada y los resultados de la investigaci\u00f3n en una <strong>extensi\u00f3n m\u00e1xima de 150 palabras<\/strong>.<\/p>\n<p>\u200bLa Secretar\u00eda Cient\u00edfica del Congreso y el Comit\u00e9 Cient\u00edfico\u00a0podr\u00e1n cambiar determinadas propuestas de comunicaci\u00f3n de \u00e1mbito tem\u00e1tico siempre que lo estimen conveniente.<\/p>\n<p>Para dar visibilidad al trabajo de j\u00f3ven@s investigador@s, \u00e9st@s podr\u00e1n optar a un premio a la mejor comunicaci\u00f3n. Podr\u00e1n presentarse estudiant@s de grado o m\u00e1ster, investigador@s en su etapa predoctoral y doctor@s que hayan defendido su tesis doctoral durante el curso acad\u00e9mico 2021-22.[\/vc_column_text][\/vc_column][\/vc_row][vc_row row_type=\u00bbrow\u00bb use_row_as_full_screen_section=\u00bbno\u00bb type=\u00bbgrid\u00bb text_align=\u00bbleft\u00bb background_animation=\u00bbnone\u00bb css_animation=\u00bb\u00bb css=\u00bb.vc_custom_1620660218563{margin-top: 60px !important;margin-bottom: 40px !important;}\u00bb][vc_column css=\u00bb.vc_custom_1620731619714{padding-top: 40px !important;padding-right: 20px !important;padding-bottom: 40px !important;padding-left: 20px !important;background-color: #e9f1d2 !important;}\u00bb][vc_row_inner row_type=\u00bbrow\u00bb type=\u00bbfull_width\u00bb use_row_as_full_screen_section_slide=\u00bbno\u00bb text_align=\u00bbleft\u00bb css_animation=\u00bb\u00bb][vc_column_inner css=\u00bb.vc_custom_1620651244667{padding-right: 33px !important;padding-left: 30px !important;}\u00bb][vc_column_text]<\/p>\n<h4 style=\"text-align: center;\"><u><a href=\"https:\/\/www.congresonacionalcolor.com\/2022\/wp-content\/uploads\/2021\/10\/Plantilla-XIII-Congreso-Nacional-del-Color.docx\" target=\"_blank\" rel=\"noopener\">DESCARGAR PLANTILLA<\/a><\/u><\/h4>\n<p>[\/vc_column_text][\/vc_column_inner][\/vc_row_inner][\/vc_column][\/vc_row][vc_row row_type=\u00bbrow\u00bb use_row_as_full_screen_section=\u00bbno\u00bb type=\u00bbgrid\u00bb text_align=\u00bbleft\u00bb background_animation=\u00bbnone\u00bb css_animation=\u00bb\u00bb css=\u00bb.vc_custom_1620651495273{margin-top: 0px !important;margin-bottom: 60px !important;}\u00bb][vc_column width=\u00bb1\/2&#8243; css=\u00bb.vc_custom_1620648906792{padding-right: 20px !important;padding-left: 20px !important;}\u00bb][vc_column_text]<\/p>\n<h4><em><b>Flash talks<\/b><\/em><\/h4>\n<p>[\/vc_column_text][vc_empty_space height=\u00bb20px\u00bb][vc_column_text]Las <em>flash talks<\/em> ser\u00e1n presentaciones m\u00e1s cortas que las orales (5 minutos para presentar el trabajo con un turno de 2 minutos para preguntas).[\/vc_column_text][vc_empty_space height=\u00bb20px\u00bb][\/vc_column][vc_column width=\u00bb1\/2&#8243; css=\u00bb.vc_custom_1620648913272{padding-right: 20px !important;padding-left: 20px !important;}\u00bb][vc_column_text]<\/p>\n<h4><b>Presentaciones orales<\/b><\/h4>\n<p>Las presentaciones orales ser\u00e1n de 10 minutos para presentar el trabajo y de 5 m\u00e1s para preguntas y discusi\u00f3n.<\/p>\n<h4><strong>Premio CNC<\/strong><\/h4>\n<p>Durante el proceso de env\u00edo de contribuciones se deber\u00e1 indicar si una comunicaci\u00f3n opta al premio y, en caso afirmativo, se deber\u00e1 adjuntar la documentaci\u00f3n que acredite la condici\u00f3n de estudiante o de haber defendido la tesis doctoral durante el curso acad\u00e9mico 2021-22. Se entregar\u00e1n premios tanto a nivel de presentaci\u00f3n oral como de <em>flash talk<\/em>.<\/p>\n<h4><strong>Idioma oficial<\/strong><\/h4>\n<p>El idioma oficial del Congreso es el Espa\u00f1ol.[\/vc_column_text][\/vc_column][\/vc_row][vc_row row_type=\u00bbrow\u00bb use_row_as_full_screen_section=\u00bbno\u00bb type=\u00bbgrid\u00bb text_align=\u00bbleft\u00bb background_animation=\u00bbnone\u00bb css_animation=\u00bb\u00bb css=\u00bb.vc_custom_1635154754396{margin-top: 0px !important;margin-bottom: 30px !important;}\u00bb][vc_column css=\u00bb.vc_custom_1620648906792{padding-right: 20px !important;padding-left: 20px !important;}\u00bb][vc_column_text]Las comunicaciones <strong>s\u00f3lo podr\u00e1n enviarse online a trav\u00e9s de la plataforma Easychair<\/strong>. Es necesario crear una cuenta (si no la tienes de congresos previos) con tus datos para poder subir la comunicaci\u00f3n adapt\u00e1ndose a la plantilla provista.[\/vc_column_text][\/vc_column][\/vc_row][vc_row row_type=\u00bbrow\u00bb use_row_as_full_screen_section=\u00bbno\u00bb type=\u00bbgrid\u00bb text_align=\u00bbleft\u00bb background_animation=\u00bbnone\u00bb css_animation=\u00bb\u00bb css=\u00bb.vc_custom_1635154767627{margin-top: 30px !important;margin-bottom: 40px !important;}\u00bb][vc_column css=\u00bb.vc_custom_1620731619714{padding-top: 40px !important;padding-right: 20px !important;padding-bottom: 40px !important;padding-left: 20px !important;background-color: #e9f1d2 !important;}\u00bb][vc_row_inner row_type=\u00bbrow\u00bb type=\u00bbfull_width\u00bb use_row_as_full_screen_section_slide=\u00bbno\u00bb text_align=\u00bbleft\u00bb css_animation=\u00bb\u00bb][vc_column_inner css=\u00bb.vc_custom_1620651244667{padding-right: 33px !important;padding-left: 30px !important;}\u00bb][vc_column_text]<\/p>\n<h4 style=\"text-align: center;\"><a href=\"https:\/\/easychair.org\/conferences\/?conf=cnc2022\" target=\"_blank\" rel=\"noopener\"><u>FORMULARIO DE ENV\u00cdO<\/u><\/a><\/h4>\n<p>[\/vc_column_text][\/vc_column_inner][\/vc_row_inner][\/vc_column][\/vc_row][vc_row row_type=\u00bbrow\u00bb use_row_as_full_screen_section=\u00bbno\u00bb type=\u00bbgrid\u00bb text_align=\u00bbleft\u00bb background_animation=\u00bbnone\u00bb css_animation=\u00bb\u00bb css=\u00bb.vc_custom_1620926679585{margin-bottom: 60px !important;}\u00bb][vc_column width=\u00bb1\/4&#8243; offset=\u00bbvc_hidden-lg vc_hidden-md vc_hidden-sm vc_hidden-xs\u00bb][vc_column_text]<\/p>\n<h4>Formulario a cumplimentar:<\/h4>\n<p>[\/vc_column_text][\/vc_column][vc_column width=\u00bb3\/4&#8243; offset=\u00bbvc_hidden-lg vc_hidden-md vc_hidden-sm vc_hidden-xs\u00bb]<div role=\"form\" class=\"wpcf7\" id=\"wpcf7-f296-o1\" lang=\"es-ES\" dir=\"ltr\">\n<div class=\"screen-reader-response\"><p role=\"status\" aria-live=\"polite\" aria-atomic=\"true\"><\/p> <ul><\/ul><\/div>\n<form action=\"\/2022\/wp-json\/wp\/v2\/pages\/15#wpcf7-f296-o1\" method=\"post\" class=\"wpcf7-form init default\" enctype=\"multipart\/form-data\" novalidate=\"novalidate\" data-status=\"init\">\n<div style=\"display: none;\">\n<input type=\"hidden\" name=\"_wpcf7\" value=\"296\" \/>\n<input type=\"hidden\" name=\"_wpcf7_version\" value=\"5.5.2\" \/>\n<input type=\"hidden\" name=\"_wpcf7_locale\" value=\"es_ES\" \/>\n<input type=\"hidden\" name=\"_wpcf7_unit_tag\" value=\"wpcf7-f296-o1\" \/>\n<input type=\"hidden\" name=\"_wpcf7_container_post\" value=\"0\" \/>\n<input type=\"hidden\" name=\"_wpcf7_posted_data_hash\" value=\"\" \/>\n<input type=\"hidden\" name=\"_wpcf7_recaptcha_response\" value=\"\" \/>\n<\/div>\n<div id=\"responsive-form\" class=\"clearfix\">\n<p><label>Datos personales<\/label><\/p>\n<div class=\"form-row\">\n<span class=\"wpcf7-form-control-wrap titulo\"><select name=\"titulo\" class=\"wpcf7-form-control wpcf7-select wpcf7-validates-as-required\" aria-required=\"true\" aria-invalid=\"false\"><option value=\"T\u00edtulo*\">T\u00edtulo*<\/option><option value=\"Prof.\">Prof.<\/option><option value=\"PhD\">PhD<\/option><option value=\"Dr.\">Dr.<\/option><option value=\"D.\">D.<\/option><option value=\"D\u00f1a.\">D\u00f1a.<\/option><\/select><\/span>\n<\/div>\n<div class=\"one-third\">\n<span class=\"wpcf7-form-control-wrap nombre\"><input type=\"text\" name=\"nombre\" value=\"\" size=\"40\" class=\"wpcf7-form-control wpcf7-text wpcf7-validates-as-required\" aria-required=\"true\" aria-invalid=\"false\" placeholder=\"Nombre*\" \/><\/span>\n<\/div>\n<div class=\"one-third\">\n<span class=\"wpcf7-form-control-wrap apellido1\"><input type=\"text\" name=\"apellido1\" value=\"\" size=\"40\" class=\"wpcf7-form-control wpcf7-text wpcf7-validates-as-required\" aria-required=\"true\" aria-invalid=\"false\" placeholder=\"Primer apellido*\" \/><\/span>\n<\/div>\n<div class=\"one-third last\">\n<span class=\"wpcf7-form-control-wrap apellido2\"><input type=\"text\" name=\"apellido2\" value=\"\" size=\"40\" class=\"wpcf7-form-control wpcf7-text wpcf7-validates-as-required\" aria-required=\"true\" aria-invalid=\"false\" placeholder=\"Segundo apellido*\" \/><\/span>\n<\/div>\n<div class=\"one-third\">\n<span class=\"wpcf7-form-control-wrap email\"><input type=\"email\" name=\"email\" value=\"\" size=\"40\" class=\"wpcf7-form-control wpcf7-text wpcf7-email wpcf7-validates-as-required wpcf7-validates-as-email\" aria-required=\"true\" aria-invalid=\"false\" placeholder=\"Email*\" \/><\/span>\n<\/div>\n<div class=\"one-third\">\n<span class=\"wpcf7-form-control-wrap telf\"><input type=\"tel\" name=\"telf\" value=\"\" size=\"40\" class=\"wpcf7-form-control wpcf7-text wpcf7-tel wpcf7-validates-as-required wpcf7-validates-as-tel\" aria-required=\"true\" aria-invalid=\"false\" placeholder=\"Tel\u00e9fono*\" \/><\/span>\n<\/div>\n<div class=\"one-third last\">\n<span class=\"wpcf7-form-control-wrap institucion\"><input type=\"text\" name=\"institucion\" value=\"\" size=\"40\" class=\"wpcf7-form-control wpcf7-text wpcf7-validates-as-required\" aria-required=\"true\" aria-invalid=\"false\" placeholder=\"Instituci\u00f3n o empresa*\" \/><\/span>\n<\/div>\n<p><label>Propuesta<\/label><\/p>\n<div class=\"form-row\">\n<div class=\"column-full\"><span class=\"wpcf7-form-control-wrap titulo-comunicacion\"><input type=\"text\" name=\"titulo-comunicacion\" value=\"\" size=\"40\" class=\"wpcf7-form-control wpcf7-text wpcf7-validates-as-required\" aria-required=\"true\" aria-invalid=\"false\" placeholder=\"T\u00edtulo*\" \/><\/span><\/div>\n<\/div>\n<div class=\"form-row\">\n<div class=\"column-full\"><span class=\"wpcf7-form-control-wrap ambito\"><select name=\"ambito\" class=\"wpcf7-form-control wpcf7-select wpcf7-validates-as-required\" aria-required=\"true\" aria-invalid=\"false\"><option value=\"\u00c1mbito tem\u00e1tico*\">\u00c1mbito tem\u00e1tico*<\/option><option value=\"Ciencia y tecnolog\u00eda del Color\">Ciencia y tecnolog\u00eda del Color<\/option><option value=\"Percepci\u00f3n del Color\">Percepci\u00f3n del Color<\/option><option value=\"Color en Arte y Arquitectura\">Color en Arte y Arquitectura<\/option><option value=\"An\u00e1lisis y s\u00edntesis de im\u00e1genes en Color\">An\u00e1lisis y s\u00edntesis de im\u00e1genes en Color<\/option><option value=\"Color en alimentos\">Color en alimentos<\/option><option value=\"Color en iluminaci\u00f3n\">Color en iluminaci\u00f3n<\/option><option value=\"Color en la industria\">Color en la industria<\/option><option value=\"Color y Educaci\u00f3n\">Color y Educaci\u00f3n<\/option><option value=\"Tecnolog\u00eda de la imagen multiespectral\">Tecnolog\u00eda de la imagen multiespectral<\/option><option value=\"Colorimetr\u00eda e instrumentaci\u00f3n\">Colorimetr\u00eda e instrumentaci\u00f3n<\/option><\/select><\/span><\/div>\n<\/div>\n<p><label>Preferencia de comunicaci\u00f3n*<\/label><br \/>\nLa modalidad ser\u00e1 decidida por el Comit\u00e9 Cient\u00edfico teniendo en cuenta las preferencias de los autores.<\/p>\n<div class=\"form-row\">\n<div class=\"column-full\"><span class=\"wpcf7-form-control-wrap preferencia\"><select name=\"preferencia\" class=\"wpcf7-form-control wpcf7-select\" aria-invalid=\"false\"><option value=\"Oral\">Oral<\/option><option value=\"P\u00f3ster\">P\u00f3ster<\/option><option value=\"Indiferente\">Indiferente<\/option><\/select><\/span><\/div>\n<\/div>\n<p><label>Autores*<\/label><br \/>\nNombre y Apellidos (autor\/a 01); Nombre y Apellidos (autor\/a 02); ...<\/p>\n<div class=\"form-row\">\n<div class=\"column-full\"><span class=\"wpcf7-form-control-wrap autores\"><input type=\"text\" name=\"autores\" value=\"\" size=\"40\" class=\"wpcf7-form-control wpcf7-text wpcf7-validates-as-required\" aria-required=\"true\" aria-invalid=\"false\" placeholder=\"Autores\" \/><\/span><\/div>\n<\/div>\n<p><label>Resumen*<\/label><br \/>\nResumen de la comunicaci\u00f3n. Extensi\u00f3n m\u00e1xima 300 palabras.<\/p>\n<div class=\"form-row\">\n<div class=\"column-full\"><span class=\"wpcf7-form-control-wrap resumen\"><textarea name=\"resumen\" cols=\"40\" rows=\"10\" class=\"wpcf7-form-control wpcf7-textarea wpcf7-validates-as-required\" data-maxawc=\"300\" aria-required=\"true\" aria-invalid=\"false\" without-space=\"true\"><\/textarea><span class=\"wpcf7awc-msg word-count-space\" style=\"display:flex;padding-top: 5px;vertical-align: middle;justify-content: unset;\"><br\/><input type=\"text\" name=\"wcount_resumen\" id=\"wcount_resumen\" size=\"3\" maxlength=\"0\" style=\"text-align:center; width: 20px;padding:0px;border:none;font-size:15px;margin-bottom: 2px;\" value=\"\" readonly=\"readonly\" \/> words. Please limit to 300 words or less Without Space <\/span><\/span><\/div>\n<\/div>\n<p><label>Subir comunicaci\u00f3n*<\/label><br \/>\nTama\u00f1o m\u00e1ximo 4MB. Archivos permitidos: docx.<\/p>\n<div class=\"form-row\">\n<div class=\"column-full\"><span class=\"wpcf7-form-control-wrap archivo\"><input type=\"file\" name=\"archivo\" size=\"40\" class=\"wpcf7-form-control wpcf7-file wpcf7-validates-as-required\" accept=\".docx\" aria-required=\"true\" aria-invalid=\"false\" \/><\/span><\/div>\n<\/div>\n<p><input type=\"submit\" value=\"Enviar\" class=\"wpcf7-form-control has-spinner wpcf7-submit\" \/>\n<\/p><\/div>\n<div class=\"wpcf7-response-output\" aria-hidden=\"true\"><\/div><\/form><\/div>[\/vc_column][\/vc_row]<\/p>\n","protected":false},"excerpt":{"rendered":"<p>[vc_row row_type=\u00bbrow\u00bb use_row_as_full_screen_section=\u00bbno\u00bb type=\u00bbfull_width\u00bb text_align=\u00bbleft\u00bb background_animation=\u00bbnone\u00bb css_animation=\u00bb\u00bb][vc_column parallax=\u00bbcontent-moving\u00bb parallax_image=\u00bb188&#8243; css=\u00bb.vc_custom_1620726167324{padding-top: 60px !important;padding-bottom: 60px !important;}\u00bb][vc_row_inner row_type=\u00bbrow\u00bb type=\u00bbgrid\u00bb use_row_as_full_screen_section_slide=\u00bbno\u00bb text_align=\u00bbleft\u00bb css_animation=\u00bb\u00bb][vc_column_inner][vc_column_text] Instrucciones para autores y env\u00edo de comunicaciones [\/vc_column_text][vc_empty_space height=\u00bb5px\u00bb][vc_column_text el_class=\u00bbsubtitulo\u00bb] Propuestas de comunicaci\u00f3n para el CNC 2022 [\/vc_column_text][\/vc_column_inner][\/vc_row_inner][\/vc_column][\/vc_row][vc_row row_type=\u00bbrow\u00bb use_row_as_full_screen_section=\u00bbno\u00bb type=\u00bbgrid\u00bb text_align=\u00bbleft\u00bb background_animation=\u00bbnone\u00bb css_animation=\u00bb\u00bb css=\u00bb.vc_custom_1620648655428{margin-top: 60px&#8230;<\/p>\n","protected":false},"author":1,"featured_media":0,"parent":0,"menu_order":0,"comment_status":"closed","ping_status":"closed","template":"full_width.php","meta":{"footnotes":""},"class_list":["post-15","page","type-page","status-publish","hentry"],"_links":{"self":[{"href":"https:\/\/www.congresonacionalcolor.com\/2022\/wp-json\/wp\/v2\/pages\/15","targetHints":{"allow":["GET"]}}],"collection":[{"href":"https:\/\/www.congresonacionalcolor.com\/2022\/wp-json\/wp\/v2\/pages"}],"about":[{"href":"https:\/\/www.congresonacionalcolor.com\/2022\/wp-json\/wp\/v2\/types\/page"}],"author":[{"embeddable":true,"href":"https:\/\/www.congresonacionalcolor.com\/2022\/wp-json\/wp\/v2\/users\/1"}],"replies":[{"embeddable":true,"href":"https:\/\/www.congresonacionalcolor.com\/2022\/wp-json\/wp\/v2\/comments?post=15"}],"version-history":[{"count":29,"href":"https:\/\/www.congresonacionalcolor.com\/2022\/wp-json\/wp\/v2\/pages\/15\/revisions"}],"predecessor-version":[{"id":801,"href":"https:\/\/www.congresonacionalcolor.com\/2022\/wp-json\/wp\/v2\/pages\/15\/revisions\/801"}],"wp:attachment":[{"href":"https:\/\/www.congresonacionalcolor.com\/2022\/wp-json\/wp\/v2\/media?parent=15"}],"curies":[{"name":"wp","href":"https:\/\/api.w.org\/{rel}","templated":true}]}}